CRAN Package Check Results for Package glancedata

Last updated on 2022-06-25 17:51:29 CEST.

Flavor Version Tinstall Tcheck Ttotal Status Flags
r-devel-linux-x86_64-debian-clang 1.0.1 6.44 94.80 101.24 NOTE
r-devel-linux-x86_64-debian-gcc 1.0.1 5.03 70.74 75.77 NOTE
r-devel-linux-x86_64-fedora-clang 1.0.1 131.41 NOTE
r-devel-linux-x86_64-fedora-gcc 1.0.1 126.67 NOTE
r-devel-windows-x86_64 1.0.1 32.00 136.00 168.00 NOTE
r-patched-linux-x86_64 1.0.1 6.46 89.64 96.10 NOTE
r-release-linux-x86_64 1.0.1 6.69 88.64 95.33 NOTE
r-release-macos-arm64 1.0.1 37.00 NOTE
r-release-macos-x86_64 1.0.1 74.00 NOTE
r-release-windows-x86_64 1.0.1 30.00 129.00 159.00 NOTE
r-oldrel-macos-arm64 1.0.1 36.00 NOTE
r-oldrel-macos-x86_64 1.0.1 62.00 NOTE
r-oldrel-windows-ix86+x86_64 1.0.1 18.00 105.00 123.00 NOTE

Check Details

Version: 1.0.1
Check: LazyData
Result: NOTE
     'LazyData' is specified without a 'data' directory
Flavors: r-devel-linux-x86_64-debian-clang, r-devel-linux-x86_64-debian-gcc, r-devel-linux-x86_64-fedora-clang, r-devel-linux-x86_64-fedora-gcc, r-devel-windows-x86_64, r-patched-linux-x86_64, r-release-linux-x86_64, r-release-macos-arm64, r-release-macos-x86_64, r-release-windows-x86_64, r-oldrel-macos-arm64, r-oldrel-macos-x86_64, r-oldrel-windows-ix86+x86_64