CRAN Package Check Results for Package glarma

Last updated on 2024-07-20 19:52:50 CEST.

Flavor Version Tinstall Tcheck Ttotal Status Flags
r-devel-linux-x86_64-debian-clang 1.6-0 5.39 116.79 122.18 NOTE
r-devel-linux-x86_64-debian-gcc 1.6-0 4.78 81.83 86.61 NOTE
r-devel-linux-x86_64-fedora-clang 1.6-0 152.64 NOTE
r-devel-linux-x86_64-fedora-gcc 1.6-0 152.61 NOTE
r-devel-windows-x86_64 1.6-0 6.00 124.00 130.00 NOTE
r-patched-linux-x86_64 1.6-0 7.27 109.55 116.82 NOTE
r-release-linux-x86_64 1.6-0 5.21 111.33 116.54 NOTE
r-release-macos-arm64 1.6-0 45.00 NOTE
r-release-macos-x86_64 1.6-0 70.00 WARN
r-release-windows-x86_64 1.6-0 6.00 124.00 130.00 NOTE
r-oldrel-macos-arm64 1.6-0 51.00 NOTE
r-oldrel-macos-x86_64 1.6-0 79.00 NOTE
r-oldrel-windows-x86_64 1.6-0 7.00 133.00 140.00 NOTE

Check Details

Version: 1.6-0
Check: Rd files
Result: NOTE checkRd: (-1) randPIT.Rd:52: Escaped LaTeX specials: \& Flavors: r-devel-linux-x86_64-debian-clang, r-devel-linux-x86_64-debian-gcc, r-devel-linux-x86_64-fedora-clang, r-devel-linux-x86_64-fedora-gcc, r-devel-windows-x86_64, r-patched-linux-x86_64, r-release-linux-x86_64, r-release-macos-arm64, r-release-macos-x86_64, r-release-windows-x86_64, r-oldrel-macos-arm64, r-oldrel-macos-x86_64, r-oldrel-windows-x86_64

Version: 1.6-0
Check: Rd cross-references
Result: NOTE Found the following Rd file(s) with Rd \link{} targets missing package anchors: initial.Rd: glm.nb Please provide package anchors for all Rd \link{} targets not in the package itself and the base packages. Flavor: r-devel-windows-x86_64

Version: 1.6-0
Check: re-building of vignette outputs
Result: WARN Error(s) in re-building vignettes: ... --- re-building ‘glarma.Rnw’ using knitr Error: processing vignette 'glarma.Rnw' failed with diagnostics: Running 'texi2dvi' on 'glarma.tex' failed. LaTeX errors: ! Undefined control sequence. l.955 \hldef {> }\hlkwd{data}\hldef{(Asthma)} ? ! Emergency stop. ! Emergency stop. l.955 End of file on the terminal! ! ==> Fatal error occurred, no output PDF file produced! --- failed re-building ‘glarma.Rnw’ SUMMARY: processing the following file failed: ‘glarma.Rnw’ Error: Vignette re-building failed. Execution halted Flavor: r-release-macos-x86_64