CRAN Package Check Results for Package gllvm

Last updated on 2019-09-18 01:46:55 CEST.

Flavor Version Tinstall Tcheck Ttotal Status Flags
r-devel-linux-x86_64-debian-clang 1.1.6 102.90 262.74 365.64 OK
r-devel-linux-x86_64-debian-gcc 1.1.6 94.89 200.95 295.84 OK
r-devel-linux-x86_64-fedora-clang 1.1.7 281.41 NOTE
r-devel-linux-x86_64-fedora-gcc 1.1.7 298.02 OK
r-devel-windows-ix86+x86_64 1.1.6 198.00 438.00 636.00 NOTE
r-patched-linux-x86_64 1.1.6 96.87 271.11 367.98 OK
r-patched-solaris-x86 1.1.7 573.70 OK
r-release-linux-x86_64 1.1.6 97.18 271.70 368.88 OK
r-release-windows-ix86+x86_64 1.1.6 152.00 580.00 732.00 NOTE
r-release-osx-x86_64 1.1.6 NOTE
r-oldrel-windows-ix86+x86_64 1.1.6 187.00 408.00 595.00 NOTE
r-oldrel-osx-x86_64 1.1.6 NOTE

Check Details

Version: 1.1.7
Check: installed package size
Result: NOTE
     installed size is 28.0Mb
     sub-directories of 1Mb or more:
     libs 26.9Mb
Flavor: r-devel-linux-x86_64-fedora-clang

Version: 1.1.6
Check: installed package size
Result: NOTE
     installed size is 20.7Mb
     sub-directories of 1Mb or more:
     libs 19.6Mb
Flavors: r-devel-windows-ix86+x86_64, r-release-windows-ix86+x86_64, r-release-osx-x86_64, r-oldrel-windows-ix86+x86_64, r-oldrel-osx-x86_64