CRAN Package Check Results for Package glmmLasso

Last updated on 2022-01-26 03:54:22 CET.

Flavor Version Tinstall Tcheck Ttotal Status Flags
r-devel-linux-x86_64-debian-clang 1.5.1 38.71 164.35 203.06 OK
r-devel-linux-x86_64-debian-gcc 1.5.1 35.68 120.11 155.79 OK
r-devel-linux-x86_64-fedora-clang 1.5.1 249.41 NOTE
r-devel-linux-x86_64-fedora-gcc 1.5.1 240.93 OK
r-devel-windows-x86_64-new-UL 1.5.1 60.00 154.00 214.00 OK
r-devel-windows-x86_64-new-TK 1.5.1 OK
r-patched-linux-x86_64 1.5.1 41.26 155.77 197.03 OK
r-release-linux-x86_64 1.5.1 32.33 157.23 189.56 OK
r-release-macos-arm64 1.5.1 OK
r-release-macos-x86_64 1.5.1 OK
r-release-windows-ix86+x86_64 1.5.1 61.00 154.00 215.00 OK
r-oldrel-macos-x86_64 1.5.1 OK
r-oldrel-windows-ix86+x86_64 1.5.1 62.00 151.00 213.00 OK

Check Details

Version: 1.5.1
Check: Rd cross-references
Result: NOTE
    Undeclared package ‘GMMBoost’ in Rd xrefs
Flavor: r-devel-linux-x86_64-fedora-clang