CRAN Package Check Results for Package glmmPen

Last updated on 2024-07-22 00:50:38 CEST.

Flavor Version Tinstall Tcheck Ttotal Status Flags
r-devel-linux-x86_64-debian-clang 1.5.4.4 558.63 240.45 799.08 NOTE
r-devel-linux-x86_64-debian-gcc 1.5.4.4 463.43 201.60 665.03 NOTE
r-devel-linux-x86_64-fedora-clang 1.5.4.4 1144.53 NOTE
r-devel-linux-x86_64-fedora-gcc 1.5.4.4 1360.11 NOTE
r-devel-windows-x86_64 1.5.4.4 454.00 209.00 663.00 NOTE
r-patched-linux-x86_64 1.5.4.4 443.47 264.50 707.97 NOTE
r-release-linux-x86_64 1.5.4.4 0.02 2.88 2.90 ERROR
r-release-macos-arm64 1.5.4.4 238.00 NOTE
r-release-macos-x86_64 1.5.4.4 239.00 NOTE
r-release-windows-x86_64 1.5.4.4 494.00 207.00 701.00 NOTE
r-oldrel-macos-arm64 1.5.4.4 227.00 NOTE
r-oldrel-macos-x86_64 1.5.4.4 320.00 NOTE
r-oldrel-windows-x86_64 1.5.4.4 627.00 260.00 887.00 NOTE

Check Details

Version: 1.5.4.4
Check: for GNU extensions in Makefiles
Result: NOTE GNU make is a SystemRequirements. Flavors: r-devel-linux-x86_64-debian-clang, r-devel-linux-x86_64-debian-gcc, r-devel-linux-x86_64-fedora-clang, r-devel-linux-x86_64-fedora-gcc, r-devel-windows-x86_64, r-patched-linux-x86_64, r-release-macos-arm64, r-release-macos-x86_64, r-release-windows-x86_64, r-oldrel-macos-arm64, r-oldrel-macos-x86_64, r-oldrel-windows-x86_64

Version: 1.5.4.4
Check: Rd cross-references
Result: NOTE Found the following Rd file(s) with Rd \link{} targets missing package anchors: optimControl.Rd: lme4 Please provide package anchors for all Rd \link{} targets not in the package itself and the base packages. Flavors: r-devel-linux-x86_64-debian-gcc, r-devel-windows-x86_64

Version: 1.5.4.4
Check: installed package size
Result: NOTE installed size is 5.2Mb sub-directories of 1Mb or more: libs 4.1Mb Flavors: r-devel-linux-x86_64-fedora-clang, r-release-macos-arm64, r-release-macos-x86_64, r-oldrel-macos-arm64, r-oldrel-macos-x86_64

Version: 1.5.4.4
Check: dependencies in R code
Result: NOTE Namespace in Imports field not imported from: ‘rstantools’ All declared Imports should be used. Flavors: r-devel-linux-x86_64-fedora-clang, r-devel-linux-x86_64-fedora-gcc

Version: 1.5.4.4
Check: whether package can be installed
Result: ERROR Installation failed. Flavor: r-release-linux-x86_64