CRAN Package Check Results for Package googleLanguageR

Last updated on 2022-06-27 18:49:03 CEST.

Flavor Version Tinstall Tcheck Ttotal Status Flags
r-devel-linux-x86_64-debian-clang 0.3.0 6.07 56.65 62.72 NOTE
r-devel-linux-x86_64-debian-gcc 0.3.0 4.79 43.43 48.22 NOTE
r-devel-linux-x86_64-fedora-clang 0.3.0 85.47 NOTE
r-devel-linux-x86_64-fedora-gcc 0.3.0 82.01 NOTE
r-devel-windows-x86_64 0.3.0 49.00 96.00 145.00 NOTE
r-patched-linux-x86_64 0.3.0 9.31 54.44 63.75 NOTE
r-release-linux-x86_64 0.3.0 6.55 53.25 59.80 NOTE
r-release-macos-arm64 0.3.0 35.00 NOTE
r-release-macos-x86_64 0.3.0 47.00 NOTE
r-release-windows-x86_64 0.3.0 50.00 106.00 156.00 NOTE
r-oldrel-macos-arm64 0.3.0 31.00 NOTE
r-oldrel-macos-x86_64 0.3.0 64.00 NOTE
r-oldrel-windows-ix86+x86_64 0.3.0 15.00 84.00 99.00 NOTE

Check Details

Version: 0.3.0
Check: LazyData
Result: NOTE
     'LazyData' is specified without a 'data' directory
Flavors: r-devel-linux-x86_64-debian-clang, r-devel-linux-x86_64-debian-gcc, r-devel-linux-x86_64-fedora-clang, r-devel-linux-x86_64-fedora-gcc, r-devel-windows-x86_64, r-patched-linux-x86_64, r-release-linux-x86_64, r-release-macos-arm64, r-release-macos-x86_64, r-release-windows-x86_64, r-oldrel-macos-arm64, r-oldrel-macos-x86_64, r-oldrel-windows-ix86+x86_64