Last updated on 2023-06-06 08:02:01 CEST.
Flavor | Version | Tinstall | Tcheck | Ttotal | Status | Flags |
---|---|---|---|---|---|---|
r-devel-linux-x86_64-debian-clang | 0.2.0 | 7.60 | 64.98 | 72.58 | OK | |
r-devel-linux-x86_64-debian-gcc | 0.2.0 | 5.69 | 49.27 | 54.96 | OK | |
r-devel-linux-x86_64-fedora-clang | 0.2.0 | 91.10 | NOTE | |||
r-devel-linux-x86_64-fedora-gcc | 0.2.0 | 84.68 | NOTE | |||
r-devel-windows-x86_64 | 0.2.0 | 9.00 | 89.00 | 98.00 | OK | |
r-patched-linux-x86_64 | 0.2.0 | 8.53 | 60.80 | 69.33 | OK | |
r-release-linux-x86_64 | 0.2.0 | 6.92 | 60.89 | 67.81 | OK | |
r-release-macos-arm64 | 0.2.0 | 31.00 | OK | |||
r-release-macos-x86_64 | 0.2.0 | 46.00 | OK | |||
r-release-windows-x86_64 | 0.2.0 | 11.00 | 99.00 | 110.00 | OK | |
r-oldrel-macos-arm64 | 0.2.0 | 33.00 | NOTE | |||
r-oldrel-macos-x86_64 | 0.2.0 | 43.00 | NOTE | |||
r-oldrel-windows-x86_64 | 0.2.0 | 11.00 | 86.00 | 97.00 | OK |
Version: 0.2.0
Check: dependencies in R code
Result: NOTE
Namespaces in Imports field not imported from:
‘assertthat’ ‘future’ ‘httr’
All declared Imports should be used.
Flavors: r-devel-linux-x86_64-fedora-clang, r-devel-linux-x86_64-fedora-gcc, r-oldrel-macos-arm64, r-oldrel-macos-x86_64