CRAN Package Check Results for Package grade

Last updated on 2019-11-17 01:48:10 CET.

Flavor Version Tinstall Tcheck Ttotal Status Flags
r-devel-linux-x86_64-debian-clang 0.2-1 2.38 22.48 24.86 NOTE
r-devel-linux-x86_64-debian-gcc 0.2-1 1.67 17.91 19.58 NOTE
r-devel-linux-x86_64-fedora-clang 0.2-1 31.15 NOTE
r-devel-linux-x86_64-fedora-gcc 0.2-1 30.51 NOTE
r-devel-windows-ix86+x86_64 0.2-1 5.00 36.00 41.00 NOTE
r-patched-linux-x86_64 0.2-1 1.61 21.53 23.14 NOTE
r-patched-solaris-x86 0.2-1 43.80 NOTE
r-release-linux-x86_64 0.2-1 1.84 21.69 23.53 NOTE
r-release-windows-ix86+x86_64 0.2-1 5.00 51.00 56.00 NOTE
r-release-osx-x86_64 0.2-1 NOTE
r-oldrel-windows-ix86+x86_64 0.2-1 2.00 35.00 37.00 NOTE
r-oldrel-osx-x86_64 0.2-1 NOTE

Check Details

Version: 0.2-1
Check: DESCRIPTION meta-information
Result: NOTE
    Malformed Title field: should not end in a period.
Flavors: r-devel-linux-x86_64-debian-clang, r-devel-linux-x86_64-debian-gcc, r-devel-linux-x86_64-fedora-clang, r-devel-linux-x86_64-fedora-gcc, r-devel-windows-ix86+x86_64, r-patched-linux-x86_64, r-patched-solaris-x86, r-release-linux-x86_64, r-release-windows-ix86+x86_64, r-release-osx-x86_64, r-oldrel-windows-ix86+x86_64, r-oldrel-osx-x86_64