CRAN Package Check Results for Package grade

Last updated on 2019-07-22 14:47:35 CEST.

Flavor Version Tinstall Tcheck Ttotal Status Flags
r-devel-linux-x86_64-debian-clang 0.2-1 2.00 22.31 24.31 NOTE
r-devel-linux-x86_64-debian-gcc 0.2-1 1.54 18.31 19.85 NOTE
r-devel-linux-x86_64-fedora-clang 0.2-1 29.70 NOTE
r-devel-linux-x86_64-fedora-gcc 0.2-1 28.72 NOTE
r-devel-windows-ix86+x86_64 0.2-1 4.00 36.00 40.00 NOTE
r-patched-linux-x86_64 0.2-1 1.49 21.78 23.27 NOTE
r-patched-solaris-x86 0.2-1 46.10 NOTE
r-release-linux-x86_64 0.2-1 1.91 21.81 23.72 NOTE
r-release-windows-ix86+x86_64 0.2-1 5.00 51.00 56.00 NOTE
r-release-osx-x86_64 0.2-1 NOTE
r-oldrel-windows-ix86+x86_64 0.2-1 2.00 35.00 37.00 NOTE
r-oldrel-osx-x86_64 0.2-1 NOTE

Check Details

Version: 0.2-1
Check: DESCRIPTION meta-information
Result: NOTE
    Malformed Title field: should not end in a period.
Flavors: r-devel-linux-x86_64-debian-clang, r-devel-linux-x86_64-debian-gcc, r-devel-linux-x86_64-fedora-clang, r-devel-linux-x86_64-fedora-gcc, r-devel-windows-ix86+x86_64, r-patched-linux-x86_64, r-patched-solaris-x86, r-release-linux-x86_64, r-release-windows-ix86+x86_64, r-release-osx-x86_64, r-oldrel-windows-ix86+x86_64, r-oldrel-osx-x86_64