CRAN Package Check Results for Package grade

Last updated on 2022-01-26 03:54:23 CET.

Flavor Version Tinstall Tcheck Ttotal Status Flags
r-devel-linux-x86_64-debian-clang 0.2-1 1.92 34.37 36.29 NOTE
r-devel-linux-x86_64-debian-gcc 0.2-1 1.53 26.96 28.49 NOTE
r-devel-linux-x86_64-fedora-clang 0.2-1 45.32 NOTE
r-devel-linux-x86_64-fedora-gcc 0.2-1 34.56 NOTE
r-devel-windows-x86_64-new-UL 0.2-1 21.00 60.00 81.00 NOTE
r-devel-windows-x86_64-new-TK 0.2-1 NOTE
r-patched-linux-x86_64 0.2-1 2.13 32.93 35.06 NOTE
r-release-linux-x86_64 0.2-1 1.99 33.07 35.06 NOTE
r-release-macos-arm64 0.2-1 NOTE
r-release-macos-x86_64 0.2-1 NOTE
r-release-windows-ix86+x86_64 0.2-1 5.00 32.00 37.00 NOTE
r-oldrel-macos-x86_64 0.2-1 NOTE
r-oldrel-windows-ix86+x86_64 0.2-1 3.00 32.00 35.00 NOTE

Check Details

Version: 0.2-1
Check: DESCRIPTION meta-information
Result: NOTE
    Malformed Title field: should not end in a period.
Flavors: r-devel-linux-x86_64-debian-clang, r-devel-linux-x86_64-debian-gcc, r-devel-linux-x86_64-fedora-clang, r-devel-linux-x86_64-fedora-gcc, r-devel-windows-x86_64-new-UL, r-devel-windows-x86_64-new-TK, r-patched-linux-x86_64, r-release-linux-x86_64, r-release-macos-arm64, r-release-macos-x86_64, r-release-windows-ix86+x86_64, r-oldrel-macos-x86_64, r-oldrel-windows-ix86+x86_64