CRAN Package Check Results for Package gradeR

Last updated on 2021-04-16 08:48:27 CEST.

Flavor Version Tinstall Tcheck Ttotal Status Flags
r-devel-linux-x86_64-debian-clang 1.0.9 2.17 30.20 32.37 NOTE
r-devel-linux-x86_64-debian-gcc 1.0.9 1.82 24.27 26.09 NOTE
r-devel-linux-x86_64-fedora-clang 1.0.9 49.33 NOTE
r-devel-linux-x86_64-fedora-gcc 1.0.9 39.68 NOTE
r-devel-windows-ix86+x86_64 1.0.9 5.00 50.00 55.00 NOTE
r-devel-windows-x86_64-gcc10-UCRT 1.0.9 NOTE
r-patched-linux-x86_64 1.0.9 2.12 29.80 31.92 OK
r-patched-solaris-x86 1.0.9 63.60 OK
r-release-linux-x86_64 1.0.9 2.21 29.69 31.90 OK
r-release-macos-x86_64 1.0.9 OK
r-release-windows-ix86+x86_64 1.0.9 6.00 49.00 55.00 OK
r-oldrel-macos-x86_64 1.0.9 OK
r-oldrel-windows-ix86+x86_64 1.0.9 3.00 46.00 49.00 OK

Check Details

Version: 1.0.9
Check: LazyData
Result: NOTE
     'LazyData' is specified without a 'data' directory
Flavors: r-devel-linux-x86_64-debian-clang, r-devel-linux-x86_64-debian-gcc, r-devel-linux-x86_64-fedora-clang, r-devel-linux-x86_64-fedora-gcc, r-devel-windows-ix86+x86_64, r-devel-windows-x86_64-gcc10-UCRT