Last updated on 2025-01-16 02:49:25 CET.
Flavor | Version | Tinstall | Tcheck | Ttotal | Status | Flags |
---|---|---|---|---|---|---|
r-devel-linux-x86_64-debian-clang | 1.0.0 | 9.63 | 108.75 | 118.38 | OK | |
r-devel-linux-x86_64-debian-gcc | 1.0.0 | 7.45 | 76.56 | 84.01 | OK | |
r-devel-linux-x86_64-fedora-clang | 1.0.0 | 191.54 | NOTE | |||
r-devel-linux-x86_64-fedora-gcc | 1.0.0 | 193.89 | NOTE | |||
r-devel-windows-x86_64 | 1.0.0 | 11.00 | 108.00 | 119.00 | OK | |
r-patched-linux-x86_64 | 1.0.0 | 8.90 | 100.51 | 109.41 | NOTE | |
r-release-linux-x86_64 | 1.0.0 | 8.79 | 98.87 | 107.66 | NOTE | |
r-release-macos-arm64 | 1.0.0 | 58.00 | NOTE | |||
r-release-macos-x86_64 | 1.0.0 | 87.00 | NOTE | |||
r-release-windows-x86_64 | 1.0.0 | 13.00 | 109.00 | 122.00 | NOTE | |
r-oldrel-macos-arm64 | 1.0.0 | 67.00 | NOTE | |||
r-oldrel-macos-x86_64 | 1.0.0 | 98.00 | NOTE | |||
r-oldrel-windows-x86_64 | 1.0.0 | 12.00 | 134.00 | 146.00 | NOTE |
Version: 1.0.0
Check: dependencies in R code
Result: NOTE
Namespace in Imports field not imported from: ‘reshape2’
All declared Imports should be used.
Flavors: r-devel-linux-x86_64-fedora-clang, r-devel-linux-x86_64-fedora-gcc
Version: 1.0.0
Check: LazyData
Result: NOTE
'LazyData' is specified without a 'data' directory
Flavors: r-patched-linux-x86_64, r-release-linux-x86_64, r-release-macos-arm64, r-release-macos-x86_64, r-release-windows-x86_64, r-oldrel-macos-arm64, r-oldrel-macos-x86_64, r-oldrel-windows-x86_64