CRAN Package Check Results for Package graphkernels

Last updated on 2020-11-29 17:46:37 CET.

Flavor Version Tinstall Tcheck Ttotal Status Flags
r-devel-linux-x86_64-debian-clang 1.6 66.33 63.22 129.55 OK
r-devel-linux-x86_64-debian-gcc 1.6 76.94 51.47 128.41 OK
r-devel-linux-x86_64-fedora-clang 1.6 156.66 NOTE
r-devel-linux-x86_64-fedora-gcc 1.6 146.46 OK
r-devel-windows-ix86+x86_64 1.6 108.00 146.00 254.00 OK
r-patched-linux-x86_64 1.6 115.41 66.41 181.82 OK
r-patched-solaris-x86 1.6 161.40 OK
r-release-linux-x86_64 1.6 113.89 63.36 177.25 OK
r-release-macos-x86_64 1.6 NOTE
r-release-windows-ix86+x86_64 1.6 110.00 119.00 229.00 OK
r-oldrel-macos-x86_64 1.6 NOTE
r-oldrel-windows-ix86+x86_64 1.6 95.00 144.00 239.00 OK

Check Details

Version: 1.6
Check: installed package size
Result: NOTE
     installed size is 11.1Mb
     sub-directories of 1Mb or more:
     libs 10.9Mb
Flavors: r-devel-linux-x86_64-fedora-clang, r-release-macos-x86_64, r-oldrel-macos-x86_64