CRAN Package Check Results for Package grattan

Last updated on 2020-01-20 20:47:39 CET.

Flavor Version Tinstall Tcheck Ttotal Status Flags
r-devel-linux-x86_64-debian-clang 1.8.0.0 102.72 154.40 257.12 NOTE
r-devel-linux-x86_64-debian-gcc 1.8.0.0 60.69 171.54 232.23 NOTE
r-devel-linux-x86_64-fedora-clang 1.8.0.0 292.28 NOTE
r-devel-linux-x86_64-fedora-gcc 1.8.0.0 346.07 NOTE
r-devel-windows-ix86+x86_64 1.8.0.0 269.00 221.00 490.00 NOTE
r-devel-windows-ix86+x86_64-gcc8 1.8.0.0 225.00 209.00 434.00 NOTE
r-patched-linux-x86_64 1.8.0.0 70.99 143.79 214.78 NOTE
r-patched-solaris-x86 1.8.0.0 255.80 NOTE
r-release-linux-x86_64 1.8.0.0 69.35 150.40 219.75 NOTE
r-release-windows-ix86+x86_64 1.8.0.0 195.00 194.00 389.00 NOTE
r-release-osx-x86_64 1.8.0.0 NOTE
r-oldrel-windows-ix86+x86_64 1.8.0.0 142.00 143.00 285.00 NOTE
r-oldrel-osx-x86_64 1.8.0.0 NOTE

Check Details

Version: 1.8.0.0
Check: package dependencies
Result: NOTE
    Packages suggested but not available for checking:
     'taxstats', 'taxstats1516'
Flavors: r-devel-linux-x86_64-debian-clang, r-devel-linux-x86_64-debian-gcc, r-devel-linux-x86_64-fedora-clang, r-devel-linux-x86_64-fedora-gcc, r-devel-windows-ix86+x86_64, r-devel-windows-ix86+x86_64-gcc8, r-patched-linux-x86_64, r-patched-solaris-x86, r-release-linux-x86_64, r-release-windows-ix86+x86_64, r-release-osx-x86_64

Version: 1.8.0.0
Check: package dependencies
Result: NOTE
    Packages suggested but not available for checking:
     'taxstats' 'taxstats1516'
Flavors: r-oldrel-windows-ix86+x86_64, r-oldrel-osx-x86_64