CRAN Package Check Results for Package grf

Last updated on 2020-06-01 13:49:36 CEST.

Flavor Version Tinstall Tcheck Ttotal Status Flags
r-devel-linux-x86_64-debian-clang 1.1.0 209.05 83.59 292.64 NOTE
r-devel-linux-x86_64-debian-gcc 1.1.0 154.78 65.45 220.23 NOTE
r-devel-linux-x86_64-fedora-clang 1.1.0 433.29 NOTE
r-devel-linux-x86_64-fedora-gcc 1.1.0 381.21 NOTE
r-devel-windows-ix86+x86_64 1.1.0 509.00 145.00 654.00 NOTE
r-patched-linux-x86_64 1.1.0 168.74 83.78 252.52 NOTE
r-patched-solaris-x86 1.1.0 464.10 NOTE
r-release-linux-x86_64 1.1.0 170.08 85.48 255.56 NOTE
r-release-osx-x86_64 1.1.0 NOTE
r-release-windows-ix86+x86_64 1.1.0 396.00 164.00 560.00 NOTE
r-oldrel-osx-x86_64 1.1.0 NOTE
r-oldrel-windows-ix86+x86_64 1.1.0 435.00 129.00 564.00 NOTE

Check Details

Version: 1.1.0
Check: for GNU extensions in Makefiles
Result: NOTE
    GNU make is a SystemRequirements.
Flavors: r-devel-linux-x86_64-debian-clang, r-devel-linux-x86_64-debian-gcc, r-devel-linux-x86_64-fedora-clang, r-devel-linux-x86_64-fedora-gcc, r-devel-windows-ix86+x86_64, r-patched-linux-x86_64, r-patched-solaris-x86, r-release-linux-x86_64, r-release-osx-x86_64, r-release-windows-ix86+x86_64, r-oldrel-osx-x86_64, r-oldrel-windows-ix86+x86_64

Version: 1.1.0
Check: installed package size
Result: NOTE
     installed size is 16.1Mb
     sub-directories of 1Mb or more:
     libs 15.8Mb
Flavors: r-devel-linux-x86_64-fedora-clang, r-release-osx-x86_64, r-oldrel-osx-x86_64