Last updated on 2023-11-30 23:55:41 CET.
Flavor | Version | Tinstall | Tcheck | Ttotal | Status | Flags |
---|---|---|---|---|---|---|
r-devel-linux-x86_64-debian-clang | 1.7-5 | 17.00 | 152.41 | 169.41 | NOTE | |
r-devel-linux-x86_64-debian-gcc | 1.7-5 | 12.02 | 116.10 | 128.12 | NOTE | |
r-devel-linux-x86_64-fedora-clang | 1.7-5 | 210.00 | OK | |||
r-devel-linux-x86_64-fedora-gcc | 1.7-5 | 213.61 | OK | |||
r-devel-windows-x86_64 | 1.7-5 | 12.00 | 163.00 | 175.00 | OK | |
r-patched-linux-x86_64 | 1.7-5 | 19.53 | 150.89 | 170.42 | OK | |
r-release-linux-x86_64 | 1.7-5 | 15.76 | 148.49 | 164.25 | OK | |
r-release-macos-arm64 | 1.7-5 | 69.00 | OK | |||
r-release-macos-x86_64 | 1.7-5 | 116.00 | OK | |||
r-release-windows-x86_64 | 1.7-5 | 16.00 | 182.00 | 198.00 | OK | |
r-oldrel-macos-arm64 | 1.7-5 | 61.00 | OK | |||
r-oldrel-macos-x86_64 | 1.7-5 | 87.00 | OK | |||
r-oldrel-windows-x86_64 | 1.7-5 | 21.00 | 205.00 | 226.00 | OK |
Version: 1.7-5
Check: Rd files
Result: NOTE
checkRd: (-1) NEWS.Rd:669: Lost braces; missing escapes or markup?
669 | parameters are rounded so they belong to one of {0, 0.5, 1}. (Simon)
| ^
checkRd: (-1) gradients.Rd:96-99: Lost braces in \itemize; meant \describe ?
checkRd: (-1) gradients.Rd:100-103: Lost braces in \itemize; meant \describe ?
checkRd: (-1) gradients.Rd:104-107: Lost braces in \itemize; meant \describe ?
Flavors: r-devel-linux-x86_64-debian-clang, r-devel-linux-x86_64-debian-gcc