CRAN Package Check Results for Package gridSVG

Last updated on 2019-09-23 05:46:53 CEST.

Flavor Version Tinstall Tcheck Ttotal Status Flags
r-devel-linux-x86_64-debian-clang 1.7-0 14.26 123.07 137.33 OK
r-devel-linux-x86_64-debian-gcc 1.7-0 10.64 95.27 105.91 OK
r-devel-linux-x86_64-fedora-clang 1.7-0 158.36 OK
r-devel-linux-x86_64-fedora-gcc 1.7-0 158.37 OK
r-devel-windows-ix86+x86_64 1.7-0 27.00 204.00 231.00 OK
r-patched-linux-x86_64 1.7-0 13.67 120.19 133.86 OK
r-patched-solaris-x86 1.7-0 215.30 OK
r-release-linux-x86_64 1.7-0 13.93 120.52 134.45 OK
r-release-windows-ix86+x86_64 1.7-0 29.00 201.00 230.00 OK
r-release-osx-x86_64 1.7-0 OK
r-oldrel-windows-ix86+x86_64 1.6-0 20.00 139.00 159.00 OK
r-oldrel-osx-x86_64 1.7-0 ERROR

Check Details

Version: 1.7-0
Check: whether package can be installed
Result: ERROR
    Installation failed.
Flavor: r-oldrel-osx-x86_64