CRAN Package Check Results for Package gridpattern

Last updated on 2022-01-19 02:54:29 CET.

Flavor Version Tinstall Tcheck Ttotal Status Flags
r-devel-linux-x86_64-debian-clang 0.4.0 8.69 101.82 110.51 OK
r-devel-linux-x86_64-debian-gcc 0.4.0 7.20 76.75 83.95 OK
r-devel-linux-x86_64-fedora-clang 0.4.0 138.12 OK
r-devel-linux-x86_64-fedora-gcc 0.4.0 120.88 OK
r-devel-windows-x86_64-new-UL 0.4.0 187.00 128.00 315.00 OK
r-devel-windows-x86_64-new-TK 0.4.0 OK
r-patched-linux-x86_64 0.4.0 6.99 98.14 105.13 OK
r-release-linux-x86_64 0.4.0 OK
r-release-macos-arm64 0.4.0 OK
r-release-macos-x86_64 0.4.0 OK
r-release-windows-ix86+x86_64 0.4.0 16.00 117.00 133.00 OK
r-oldrel-macos-x86_64 0.3.1 NOTE
r-oldrel-windows-ix86+x86_64 0.4.0 14.00 129.00 143.00 NOTE

Check Details

Version: 0.3.1
Check: R code for possible problems
Result: NOTE
    create_gradient_as_geometry: no visible global function definition for
     ‘linearGradient’
    create_gradient_as_geometry: no visible global function definition for
     ‘radialGradient’
    Undefined global functions or variables:
     linearGradient radialGradient
Flavor: r-oldrel-macos-x86_64

Version: 0.4.0
Check: R code for possible problems
Result: NOTE
    create_gradient_as_geometry: no visible global function definition for
     'linearGradient'
    create_gradient_as_geometry: no visible global function definition for
     'radialGradient'
    Undefined global functions or variables:
     linearGradient radialGradient
Flavor: r-oldrel-windows-ix86+x86_64