CRAN Package Check Results for Package gridsampler

Last updated on 2019-09-18 09:50:28 CEST.

Flavor Version Tinstall Tcheck Ttotal Status Flags
r-devel-linux-x86_64-debian-clang 0.6 4.04 77.14 81.18 OK
r-devel-linux-x86_64-debian-gcc 0.6 3.36 58.05 61.41 OK
r-devel-linux-x86_64-fedora-clang 0.6 95.50 NOTE
r-devel-linux-x86_64-fedora-gcc 0.6 95.38 NOTE
r-devel-windows-ix86+x86_64 0.6 29.00 102.00 131.00 OK
r-patched-linux-x86_64 0.6 3.99 75.11 79.10 OK
r-patched-solaris-x86 0.6 148.10 NOTE
r-release-linux-x86_64 0.6 4.02 76.36 80.38 OK
r-release-windows-ix86+x86_64 0.6 10.00 94.00 104.00 OK
r-release-osx-x86_64 0.6 NOTE
r-oldrel-windows-ix86+x86_64 0.6 8.00 88.00 96.00 OK
r-oldrel-osx-x86_64 0.6 NOTE

Check Details

Version: 0.6
Check: dependencies in R code
Result: NOTE
    Namespace in Imports field not imported from: ‘BiasedUrn’
     All declared Imports should be used.
Flavors: r-devel-linux-x86_64-fedora-clang, r-devel-linux-x86_64-fedora-gcc, r-patched-solaris-x86, r-release-osx-x86_64, r-oldrel-osx-x86_64