CRAN Package Check Results for Package gridsampler

Last updated on 2022-10-04 03:56:42 CEST.

Flavor Version Tinstall Tcheck Ttotal Status Flags
r-devel-linux-x86_64-debian-clang 0.6 7.29 124.84 132.13 OK
r-devel-linux-x86_64-debian-gcc 0.6 5.20 88.43 93.63 OK
r-devel-linux-x86_64-fedora-clang 0.6 171.57 NOTE
r-devel-linux-x86_64-fedora-gcc 0.6 190.64 NOTE
r-devel-windows-x86_64 0.6 33.00 154.00 187.00 OK
r-patched-linux-x86_64 0.6 5.76 117.33 123.09 OK
r-release-linux-x86_64 0.6 6.20 117.40 123.60 OK
r-release-macos-arm64 0.6 43.00 NOTE
r-release-macos-x86_64 0.6 83.00 NOTE
r-release-windows-x86_64 0.6 20.00 152.00 172.00 OK
r-oldrel-macos-arm64 0.6 49.00 NOTE
r-oldrel-macos-x86_64 0.6 80.00 NOTE
r-oldrel-windows-ix86+x86_64 0.6 18.00 143.00 161.00 OK

Check Details

Version: 0.6
Check: dependencies in R code
Result: NOTE
    Namespace in Imports field not imported from: ‘BiasedUrn’
     All declared Imports should be used.
Flavors: r-devel-linux-x86_64-fedora-clang, r-devel-linux-x86_64-fedora-gcc, r-release-macos-arm64, r-release-macos-x86_64, r-oldrel-macos-arm64, r-oldrel-macos-x86_64