CRAN Package Check Results for Package gridsampler

Last updated on 2020-02-21 00:49:42 CET.

Flavor Version Tinstall Tcheck Ttotal Status Flags
r-devel-linux-x86_64-debian-clang 0.6 5.40 89.76 95.16 OK
r-devel-linux-x86_64-debian-gcc 0.6 3.71 62.70 66.41 OK
r-devel-linux-x86_64-fedora-clang 0.6 111.39 NOTE
r-devel-linux-x86_64-fedora-gcc 0.6 108.54 NOTE
r-devel-windows-ix86+x86_64 0.6 13.00 111.00 124.00 OK
r-devel-windows-ix86+x86_64-gcc8 0.6 22.00 157.00 179.00 OK
r-patched-linux-x86_64 0.6 4.11 79.03 83.14 OK
r-patched-solaris-x86 0.6 151.00 NOTE
r-release-linux-x86_64 0.6 3.96 78.83 82.79 OK
r-release-windows-ix86+x86_64 0.6 13.00 108.00 121.00 OK
r-release-osx-x86_64 0.6 NOTE
r-oldrel-windows-ix86+x86_64 0.6 8.00 93.00 101.00 OK
r-oldrel-osx-x86_64 0.6 NOTE

Check Details

Version: 0.6
Check: dependencies in R code
Result: NOTE
    Namespace in Imports field not imported from: ‘BiasedUrn’
     All declared Imports should be used.
Flavors: r-devel-linux-x86_64-fedora-clang, r-devel-linux-x86_64-fedora-gcc, r-patched-solaris-x86, r-release-osx-x86_64, r-oldrel-osx-x86_64