CRAN Package Check Results for Package grmsem

Last updated on 2022-06-26 12:54:48 CEST.

Flavor Version Tinstall Tcheck Ttotal Status Flags
r-devel-linux-x86_64-debian-clang 1.1.0 5.66 456.27 461.93 OK
r-devel-linux-x86_64-debian-gcc 1.1.0 4.19 373.99 378.18 OK
r-devel-linux-x86_64-fedora-clang 1.1.0 583.25 NOTE
r-devel-linux-x86_64-fedora-gcc 1.1.0 565.60 NOTE
r-devel-windows-x86_64 1.1.0 17.00 487.00 504.00 OK
r-patched-linux-x86_64 1.1.0 4.57 269.62 274.19 OK
r-release-linux-x86_64 1.1.0 5.40 279.98 285.38 OK
r-release-macos-arm64 1.1.0 148.00 NOTE
r-release-macos-x86_64 1.1.0 177.00 NOTE
r-release-windows-x86_64 1.1.0 13.00 313.00 326.00 OK
r-oldrel-macos-arm64 1.1.0 176.00 NOTE
r-oldrel-macos-x86_64 1.1.0 267.00 NOTE
r-oldrel-windows-ix86+x86_64 1.1.0 11.00 340.00 351.00 OK

Check Details

Version: 1.1.0
Check: dependencies in R code
Result: NOTE
    Namespace in Imports field not imported from: ‘msm’
     All declared Imports should be used.
Flavors: r-devel-linux-x86_64-fedora-clang, r-devel-linux-x86_64-fedora-gcc, r-release-macos-arm64, r-release-macos-x86_64, r-oldrel-macos-arm64, r-oldrel-macos-x86_64