CRAN Package Check Results for Package groc

Last updated on 2020-01-21 14:47:21 CET.

Flavor Version Tinstall Tcheck Ttotal Status Flags
r-devel-linux-x86_64-debian-clang 1.0.6 10.25 79.24 89.49 OK
r-devel-linux-x86_64-debian-gcc 1.0.6 8.41 63.64 72.05 OK
r-devel-linux-x86_64-fedora-clang 1.0.6 110.92 WARN
r-devel-linux-x86_64-fedora-gcc 1.0.6 112.70 OK
r-devel-windows-ix86+x86_64 1.0.6 39.00 132.00 171.00 OK
r-devel-windows-ix86+x86_64-gcc8 1.0.6 32.00 135.00 167.00 OK
r-patched-linux-x86_64 1.0.6 7.82 73.60 81.42 OK
r-patched-solaris-x86 1.0.6 151.10 OK
r-release-linux-x86_64 1.0.6 8.70 69.87 78.57 OK
r-release-windows-ix86+x86_64 1.0.6 23.00 164.00 187.00 OK
r-release-osx-x86_64 1.0.6 OK
r-oldrel-windows-ix86+x86_64 1.0.6 16.00 113.00 129.00 OK
r-oldrel-osx-x86_64 1.0.6 OK

Additional issues

rchk

Check Details

Version: 1.0.6
Check: package dependencies
Result: WARN
    Requires orphaned package: ‘robust’
    
    Suggests orphaned package: ‘ppls’
Flavor: r-devel-linux-x86_64-fedora-clang