CRAN Package Check Results for Package growfunctions

Last updated on 2020-02-27 20:48:27 CET.

Flavor Version Tinstall Tcheck Ttotal Status Flags
r-devel-linux-x86_64-debian-clang 0.14 249.46 106.82 356.28 OK
r-devel-linux-x86_64-debian-gcc 0.14 195.63 79.83 275.46 OK
r-devel-linux-x86_64-fedora-clang 0.14 485.32 NOTE
r-devel-linux-x86_64-fedora-gcc 0.14 487.82 OK
r-devel-windows-ix86+x86_64 0.14 424.00 180.00 604.00 OK
r-devel-windows-ix86+x86_64-gcc8 0.14 474.00 179.00 653.00 OK
r-patched-linux-x86_64 0.14 213.78 93.37 307.15 OK
r-patched-solaris-x86 0.14 412.30 OK
r-release-linux-x86_64 0.14 218.88 93.27 312.15 OK
r-release-windows-ix86+x86_64 0.14 461.00 172.00 633.00 OK
r-release-osx-x86_64 0.14 NOTE
r-oldrel-windows-ix86+x86_64 0.14 371.00 159.00 530.00 OK
r-oldrel-osx-x86_64 0.14 NOTE

Check Details

Version: 0.14
Check: installed package size
Result: NOTE
     installed size is 17.5Mb
     sub-directories of 1Mb or more:
     libs 17.1Mb
Flavors: r-devel-linux-x86_64-fedora-clang, r-release-osx-x86_64, r-oldrel-osx-x86_64