CRAN Package Check Results for Package gsmoothr

Last updated on 2022-01-21 15:19:12 CET.

Flavor Version Tinstall Tcheck Ttotal Status Flags
r-devel-linux-x86_64-debian-clang 0.1.7 1.87 30.68 32.55 NOTE
r-devel-linux-x86_64-debian-gcc 0.1.7 2.05 24.40 26.45 NOTE
r-devel-linux-x86_64-fedora-clang 0.1.7 41.49 NOTE
r-devel-linux-x86_64-fedora-gcc 0.1.7 30.68 NOTE
r-devel-windows-x86_64-new-UL 0.1.7 26.00 47.00 73.00 NOTE
r-devel-windows-x86_64-new-TK 0.1.7 NOTE
r-patched-linux-x86_64 0.1.7 1.96 29.55 31.51 NOTE
r-release-linux-x86_64 0.1.7 2.12 30.10 32.22 NOTE
r-release-macos-arm64 0.1.7 NOTE
r-release-macos-x86_64 0.1.7 NOTE
r-release-windows-ix86+x86_64 0.1.7 8.00 36.00 44.00 NOTE
r-oldrel-macos-x86_64 0.1.7 NOTE
r-oldrel-windows-ix86+x86_64 0.1.7 6.00 33.00 39.00 NOTE

Check Details

Version: 0.1.7
Check: DESCRIPTION meta-information
Result: NOTE
    Malformed Description field: should contain one or more complete sentences.
Flavors: r-devel-linux-x86_64-debian-clang, r-devel-linux-x86_64-debian-gcc, r-devel-linux-x86_64-fedora-clang, r-devel-linux-x86_64-fedora-gcc, r-devel-windows-x86_64-new-UL, r-devel-windows-x86_64-new-TK, r-patched-linux-x86_64, r-release-linux-x86_64, r-release-macos-arm64, r-release-macos-x86_64, r-release-windows-ix86+x86_64, r-oldrel-macos-x86_64, r-oldrel-windows-ix86+x86_64

Version: 0.1.7
Check: compiled code
Result: NOTE
    File ‘gsmoothr/libs/gsmoothr.so’:
     Found no call to: ‘R_useDynamicSymbols’
    
    It is good practice to register native routines and to disable symbol
    search.
    
    See ‘Writing portable packages’ in the ‘Writing R Extensions’ manual.
Flavors: r-devel-linux-x86_64-fedora-clang, r-devel-linux-x86_64-fedora-gcc