CRAN Package Check Results for Package gtcorr

Last updated on 2020-11-29 15:46:37 CET.

Flavor Version Tinstall Tcheck Ttotal Status Flags
r-devel-linux-x86_64-debian-clang 0.2-1 2.87 25.68 28.55 NOTE
r-devel-linux-x86_64-debian-gcc 0.2-1 2.16 19.52 21.68 NOTE
r-devel-linux-x86_64-fedora-clang 0.2-1 39.69 NOTE
r-devel-linux-x86_64-fedora-gcc 0.2-1 29.71 NOTE
r-devel-windows-ix86+x86_64 0.2-1 5.00 43.00 48.00 OK
r-patched-linux-x86_64 0.2-1 3.01 25.94 28.95 NOTE
r-patched-solaris-x86 0.2-1 44.30 OK
r-release-linux-x86_64 0.2-1 2.99 25.54 28.53 NOTE
r-release-macos-x86_64 0.2-1 OK
r-release-windows-ix86+x86_64 0.2-1 4.00 27.00 31.00 OK
r-oldrel-macos-x86_64 0.2-1 OK
r-oldrel-windows-ix86+x86_64 0.2-1 4.00 40.00 44.00 OK

Check Details

Version: 0.2-1
Check: Rd line widths
Result: NOTE
    Rd file 'gtcorr.matrix.Rd':
     \usage lines wider than 90 characters:
     gtcorr.matrix(r, c, m = 1, p, sigma = 0, se = 1, sp = 1, r.prime, c.prime, arrangement = c("rectangular", "diagonal", "random"), model ... [TRUNCATED]
    
    Rd file 'gtcorr.matrix.user.Rd':
     \usage lines wider than 90 characters:
     gtcorr.matrix.user(clusters, p, sigma=0, se=1, sp=1, model = c("beta-binomial", "Madsen", "Morel-Neerchal"))
    
    These lines will be truncated in the PDF manual.
Flavors: r-devel-linux-x86_64-debian-clang, r-devel-linux-x86_64-debian-gcc, r-devel-linux-x86_64-fedora-clang, r-devel-linux-x86_64-fedora-gcc, r-patched-linux-x86_64, r-release-linux-x86_64