CRAN Package Check Results for Package gtools

Last updated on 2019-08-22 06:48:45 CEST.

Flavor Version Tinstall Tcheck Ttotal Status Flags
r-devel-linux-x86_64-debian-clang 3.8.1 4.41 103.37 107.78 NOTE
r-devel-linux-x86_64-debian-gcc 3.8.1 3.67 76.79 80.46 NOTE
r-devel-linux-x86_64-fedora-clang 3.8.1 124.08 NOTE
r-devel-linux-x86_64-fedora-gcc 3.8.1 127.81 NOTE
r-devel-windows-ix86+x86_64 3.8.1 27.00 97.00 124.00 NOTE
r-patched-linux-x86_64 3.8.1 3.41 103.03 106.44 NOTE
r-patched-solaris-x86 3.8.1 82.90 NOTE
r-release-linux-x86_64 3.8.1 3.34 102.20 105.54 NOTE
r-release-windows-ix86+x86_64 3.8.1 11.00 96.00 107.00 NOTE
r-release-osx-x86_64 3.8.1 NOTE
r-oldrel-windows-ix86+x86_64 3.8.1 12.00 64.00 76.00 NOTE
r-oldrel-osx-x86_64 3.8.1 NOTE

Check Details

Version: 3.8.1
Check: R code for possible problems
Result: NOTE
    Found the following possibly unsafe calls:
    File 'gtools/R/unByteCode.R':
     unlockBinding(name, env = env)
Flavors: r-devel-linux-x86_64-debian-clang, r-devel-linux-x86_64-debian-gcc, r-devel-linux-x86_64-fedora-clang, r-devel-linux-x86_64-fedora-gcc, r-devel-windows-ix86+x86_64, r-patched-linux-x86_64, r-patched-solaris-x86, r-release-linux-x86_64, r-release-windows-ix86+x86_64, r-release-osx-x86_64, r-oldrel-windows-ix86+x86_64, r-oldrel-osx-x86_64