CRAN Package Check Results for Package gtools

Last updated on 2019-12-12 19:50:54 CET.

Flavor Version Tinstall Tcheck Ttotal Status Flags
r-devel-linux-x86_64-debian-clang 3.8.1 4.65 114.17 118.82 NOTE
r-devel-linux-x86_64-debian-gcc 3.8.1 3.12 85.40 88.52 NOTE
r-devel-linux-x86_64-fedora-clang 3.8.1 136.78 NOTE
r-devel-linux-x86_64-fedora-gcc 3.8.1 144.99 NOTE
r-devel-windows-ix86+x86_64 3.8.1 15.00 96.00 111.00 NOTE
r-devel-windows-ix86+x86_64-gcc8 3.8.1 16.00 78.00 94.00 NOTE
r-patched-linux-x86_64 3.8.1 3.36 103.63 106.99 NOTE
r-patched-solaris-x86 3.8.1 73.90 NOTE
r-release-linux-x86_64 3.8.1 3.45 105.35 108.80 NOTE
r-release-windows-ix86+x86_64 3.8.1 11.00 96.00 107.00 NOTE
r-release-osx-x86_64 3.8.1 NOTE
r-oldrel-windows-ix86+x86_64 3.8.1 12.00 64.00 76.00 NOTE
r-oldrel-osx-x86_64 3.8.1 NOTE

Check Details

Version: 3.8.1
Check: R code for possible problems
Result: NOTE
    Found the following possibly unsafe calls:
    File 'gtools/R/unByteCode.R':
     unlockBinding(name, env = env)
Flavors: r-devel-linux-x86_64-debian-clang, r-devel-linux-x86_64-debian-gcc, r-devel-linux-x86_64-fedora-clang, r-devel-linux-x86_64-fedora-gcc, r-devel-windows-ix86+x86_64, r-devel-windows-ix86+x86_64-gcc8, r-patched-linux-x86_64, r-patched-solaris-x86, r-release-linux-x86_64, r-release-windows-ix86+x86_64, r-release-osx-x86_64, r-oldrel-windows-ix86+x86_64, r-oldrel-osx-x86_64