CRAN Package Check Results for Package gtsummary

Last updated on 2022-01-23 18:50:51 CET.

Flavor Version Tinstall Tcheck Ttotal Status Flags
r-devel-linux-x86_64-debian-clang 1.5.0 21.80 385.39 407.19 OK
r-devel-linux-x86_64-debian-gcc 1.5.1 17.92 300.27 318.19 OK
r-devel-linux-x86_64-fedora-clang 1.5.1 453.86 OK
r-devel-linux-x86_64-fedora-gcc 1.5.1 331.61 OK
r-devel-windows-x86_64-new-UL 1.5.1 145.00 313.00 458.00 OK
r-devel-windows-x86_64-new-TK 1.5.1 ERROR
r-patched-linux-x86_64 1.5.1 27.27 362.32 389.59 OK
r-release-linux-x86_64 1.5.1 14.49 359.84 374.33 OK
r-release-macos-arm64 1.5.0 OK
r-release-macos-x86_64 1.5.1 OK
r-release-windows-ix86+x86_64 1.5.1 40.00 416.00 456.00 OK
r-oldrel-macos-x86_64 1.5.0 OK
r-oldrel-windows-ix86+x86_64 1.5.1 40.00 441.00 481.00 OK

Check Details

Version: 1.5.1
Check: package dependencies
Result: NOTE
    Packages suggested but not available for checking: 'car', 'lme4'
Flavor: r-devel-windows-x86_64-new-TK

Version: 1.5.1
Check: examples
Result: ERROR
    Running examples in 'gtsummary-Ex.R' failed
    The error most likely occurred in:
    
    > ### Name: tbl_regression
    > ### Title: Display regression model results in table
    > ### Aliases: tbl_regression tbl_regression.default
    >
    > ### ** Examples
    >
    > # Example 1 ----------------------------------
    > library(survival)
    > tbl_regression_ex1 <-
    + coxph(Surv(ttdeath, death) ~ age + marker, trial) %>%
    + tbl_regression(exponentiate = TRUE)
    >
    > # Example 2 ----------------------------------
    > tbl_regression_ex2 <-
    + glm(response ~ age + grade, trial, family = binomial(link = "logit")) %>%
    + tbl_regression(exponentiate = TRUE)
    >
    > # Example 3 ----------------------------------
    > suppressMessages(library(lme4))
    Error in library(lme4) : there is no package called 'lme4'
    Calls: suppressMessages -> withCallingHandlers -> library
    Execution halted
Flavor: r-devel-windows-x86_64-new-TK