CRAN Package Check Results for Package guardianapi

Last updated on 2021-04-13 05:49:22 CEST.

Flavor Version Tinstall Tcheck Ttotal Status Flags
r-devel-linux-x86_64-debian-clang 0.1.1 4.79 46.91 51.70 NOTE
r-devel-linux-x86_64-debian-gcc 0.1.1 3.34 35.47 38.81 NOTE
r-devel-linux-x86_64-fedora-clang 0.1.1 68.17 NOTE
r-devel-linux-x86_64-fedora-gcc 0.1.1 59.35 NOTE
r-devel-windows-ix86+x86_64 0.1.1 12.00 62.00 74.00 NOTE
r-devel-windows-x86_64-gcc10-UCRT 0.1.1 NOTE
r-patched-linux-x86_64 0.1.1 4.67 43.39 48.06 OK
r-patched-solaris-x86 0.1.1 89.60 OK
r-release-linux-x86_64 0.1.1 4.77 43.59 48.36 OK
r-release-macos-x86_64 0.1.1 OK
r-release-windows-ix86+x86_64 0.1.1 9.00 73.00 82.00 OK
r-oldrel-macos-x86_64 0.1.1 OK
r-oldrel-windows-ix86+x86_64 0.1.1 6.00 45.00 51.00 OK

Check Details

Version: 0.1.1
Check: LazyData
Result: NOTE
     'LazyData' is specified without a 'data' directory
Flavors: r-devel-linux-x86_64-debian-clang, r-devel-linux-x86_64-debian-gcc, r-devel-linux-x86_64-fedora-clang, r-devel-linux-x86_64-fedora-gcc, r-devel-windows-ix86+x86_64, r-devel-windows-x86_64-gcc10-UCRT