CRAN Package Check Results for Package gunsales

Last updated on 2020-12-05 03:51:27 CET.

Flavor Version Tinstall Tcheck Ttotal Status Flags
r-devel-linux-x86_64-debian-clang 0.1.2 6.96 63.89 70.85 OK
r-devel-linux-x86_64-debian-gcc 0.1.2 5.81 50.68 56.49 OK
r-devel-linux-x86_64-fedora-clang 0.1.2 88.88 OK
r-devel-linux-x86_64-fedora-gcc 0.1.2 80.53 OK
r-devel-windows-ix86+x86_64 0.1.2 15.00 88.00 103.00 OK
r-patched-linux-x86_64 0.1.2 6.31 61.42 67.73 OK
r-patched-solaris-x86 0.1.2 86.50 OK
r-release-linux-x86_64 0.1.2 7.20 61.92 69.12 OK
r-release-macos-x86_64 0.1.2 OK
r-release-windows-ix86+x86_64 0.1.2 11.00 73.00 84.00 OK
r-oldrel-macos-x86_64 0.1.2 WARN
r-oldrel-windows-ix86+x86_64 0.1.2 13.00 92.00 105.00 OK

Check Details

Version: 0.1.2
Check: re-building of vignette outputs
Result: WARN
    Error(s) in re-building vignettes:
    --- re-building ‘gunsales.Rmd’ using rmarkdown
    Warning in engine$weave(file, quiet = quiet, encoding = enc) :
     Pandoc (>= 1.12.3) and/or pandoc-citeproc not available. Falling back to R Markdown v1.
    sh: line 1: 13995 Trace/BPT trap: 5 /Volumes/SSD-Data/Builds/R-dev-web/QA/Simon/packages/el-capitan-x86_64/Rlib/3.6/x13binary/bin/x13ashtml /tmp/RtmpZhJtlI/x1336a159a99349/iofile -n -s 2> /dev/null
    dyld: lazy symbol binding failed: Symbol not found: _mkostemp
     Referenced from: /Volumes/SSD-Data/Builds/R-dev-web/QA/Simon/packages/el-capitan-x86_64/Rlib/3.6/x13binary/bin/../lib/libgfortran.3.dylib (which was built for Mac OS X 10.12)
     Expected in: /usr/lib/libSystem.B.dylib
    
    dyld: Symbol not found: _mkostemp
     Referenced from: /Volumes/SSD-Data/Builds/R-dev-web/QA/Simon/packages/el-capitan-x86_64/Rlib/3.6/x13binary/bin/../lib/libgfortran.3.dylib (which was built for Mac OS X 10.12)
     Expected in: /usr/lib/libSystem.B.dylib
    
    
    Program received signal SIGTRAP: Trace/breakpoint trap.
    
    Backtrace for this error:
    #0 0x1251da579
    #1 0x1251d9945
    #2 0x7fff9ae44529
    Quitting from lines 33-34 (gunsales.Rmd)
    Error: processing vignette 'gunsales.Rmd' failed with diagnostics:
    X-13 has returned a non-zero exist status, which means that the current spec file cannot be processed for an unknown reason.
    --- failed re-building ‘gunsales.Rmd’
    
    SUMMARY: processing the following file failed:
     ‘gunsales.Rmd’
    
    Error: Vignette re-building failed.
    Execution halted
Flavor: r-oldrel-macos-x86_64