CRAN Package Check Results for Package gutenbergr

Last updated on 2020-11-29 05:47:21 CET.

Flavor Version Tinstall Tcheck Ttotal Status Flags
r-devel-linux-x86_64-debian-clang 0.2.0 8.75 82.08 90.83 OK
r-devel-linux-x86_64-debian-gcc 0.2.0 7.01 60.98 67.99 OK
r-devel-linux-x86_64-fedora-clang 0.2.0 108.18 NOTE
r-devel-linux-x86_64-fedora-gcc 0.2.0 100.33 NOTE
r-devel-windows-ix86+x86_64 0.2.0 19.00 102.00 121.00 OK
r-patched-linux-x86_64 0.2.0 8.31 81.43 89.74 OK
r-patched-solaris-x86 0.2.0 142.90 NOTE
r-release-linux-x86_64 0.2.0 7.24 78.28 85.52 OK
r-release-macos-x86_64 0.2.0 NOTE
r-release-windows-ix86+x86_64 0.2.0 12.00 82.00 94.00 OK
r-oldrel-macos-x86_64 0.2.0 NOTE
r-oldrel-windows-ix86+x86_64 0.2.0 12.00 107.00 119.00 OK

Check Details

Version: 0.2.0
Check: data for non-ASCII characters
Result: NOTE
     Note: found 13617 marked UTF-8 strings
Flavors: r-devel-linux-x86_64-fedora-clang, r-devel-linux-x86_64-fedora-gcc, r-patched-solaris-x86, r-release-macos-x86_64, r-oldrel-macos-x86_64