CRAN Package Check Results for Package hablar

Last updated on 2019-09-22 08:48:16 CEST.

Flavor Version Tinstall Tcheck Ttotal Status Flags
r-devel-linux-x86_64-debian-clang 0.2.0 4.50 47.23 51.73 OK
r-devel-linux-x86_64-debian-gcc 0.2.0 3.77 37.71 41.48 OK
r-devel-linux-x86_64-fedora-clang 0.2.0 63.93 OK
r-devel-linux-x86_64-fedora-gcc 0.2.0 62.07 OK
r-devel-windows-ix86+x86_64 0.2.0 20.00 91.00 111.00 OK
r-patched-linux-x86_64 0.2.0 3.30 46.22 49.52 OK
r-patched-solaris-x86 0.2.0 93.00 WARN
r-release-linux-x86_64 0.2.0 4.21 46.21 50.42 OK
r-release-windows-ix86+x86_64 0.2.0 11.00 65.00 76.00 OK
r-release-osx-x86_64 0.2.0 WARN
r-oldrel-windows-ix86+x86_64 0.2.0 7.00 59.00 66.00 OK
r-oldrel-osx-x86_64 0.2.0 WARN

Check Details

Version: 0.2.0
Check: re-building of vignette outputs
Result: WARN
    Error(s) in re-building vignettes:
     ...
    --- re-building ‘convert.Rmd’ using rmarkdown
    Warning in engine$weave(file, quiet = quiet, encoding = enc) :
     Pandoc (>= 1.12.3) and/or pandoc-citeproc not available. Falling back to R Markdown v1.
    --- finished re-building ‘convert.Rmd’
    
    --- re-building ‘hablar.Rmd’ using rmarkdown
    Warning in engine$weave(file, quiet = quiet, encoding = enc) :
     Pandoc (>= 1.12.3) and/or pandoc-citeproc not available. Falling back to R Markdown v1.
    --- finished re-building ‘hablar.Rmd’
    
    --- re-building ‘retype.Rmd’ using rmarkdown
    Warning in engine$weave(file, quiet = quiet, encoding = enc) :
     Pandoc (>= 1.12.3) and/or pandoc-citeproc not available. Falling back to R Markdown v1.
    Quitting from lines 95-107 (retype.Rmd)
    Error: processing vignette 'retype.Rmd' failed with diagnostics:
    there is no package called 'webshot'
    --- failed re-building ‘retype.Rmd’
    
    --- re-building ‘s.Rmd’ using rmarkdown
    Warning in engine$weave(file, quiet = quiet, encoding = enc) :
     Pandoc (>= 1.12.3) and/or pandoc-citeproc not available. Falling back to R Markdown v1.
    Warning in max(sold_sodas, na.rm = T) :
     no non-missing arguments to max; returning -Inf
    Warning in max(x) : no non-missing arguments to max; returning -Inf
    Warning in max(height[species == "Human"]) :
     no non-missing arguments to max; returning -Inf
    Warning in max(height[species == "Human"]) :
     no non-missing arguments to max; returning -Inf
    Warning in max(height[species == "Human"]) :
     no non-missing arguments to max; returning -Inf
    Warning in max(height[species == "Human"]) :
     no non-missing arguments to max; returning -Inf
    Warning in max(height[species == "Human"]) :
     no non-missing arguments to max; returning -Inf
    Warning in max(height[species == "Human"]) :
     no non-missing arguments to max; returning -Inf
    Warning in max(height[species == "Human"]) :
     no non-missing arguments to max; returning -Inf
    Warning in max(height[species == "Human"]) :
     no non-missing arguments to max; returning -Inf
    Warning in max(height[species == "Human"]) :
     no non-missing arguments to max; returning -Inf
    Warning in max(height[species == "Human"]) :
     no non-missing arguments to max; returning -Inf
    Warning in max(height[species == "Human"]) :
     no non-missing arguments to max; returning -Inf
    Warning in max(height[species == "Human"]) :
     no non-missing arguments to max; returning -Inf
    Warning in max(height[species == "Human"]) :
     no non-missing arguments to max; returning -Inf
    Warning in max(height[species == "Human"]) :
     no non-missing arguments to max; returning -Inf
    Warning in max(height[species == "Human"]) :
     no non-missing arguments to max; returning -Inf
    Warning in max(height[species == "Human"]) :
     no non-missing arguments to max; returning -Inf
    Warning in max(height[species == "Human"]) :
     no non-missing arguments to max; returning -Inf
    Warning in max(height[species == "Human"]) :
     no non-missing arguments to max; returning -Inf
    Warning in max(height[species == "Human"]) :
     no non-missing arguments to max; returning -Inf
    Warning in max(height[species == "Human"]) :
     no non-missing arguments to max; returning -Inf
    Warning in max(height[species == "Human"]) :
     no non-missing arguments to max; returning -Inf
    Warning in max(height[species == "Human"]) :
     no non-missing arguments to max; returning -Inf
    Warning in max(height[species == "Human"]) :
     no non-missing arguments to max; returning -Inf
    Warning in max(height[species == "Human"]) :
     no non-missing arguments to max; returning -Inf
    Warning in max(height[species == "Human"]) :
     no non-missing arguments to max; returning -Inf
    Warning in max(height[species == "Human"]) :
     no non-missing arguments to max; returning -Inf
    Warning in max(height[species == "Human"]) :
     no non-missing arguments to max; returning -Inf
    Warning in max(height[species == "Human"]) :
     no non-missing arguments to max; returning -Inf
    Warning in max(height[species == "Human"]) :
     no non-missing arguments to max; returning -Inf
    Warning in max(height[species == "Human"]) :
     no non-missing arguments to max; returning -Inf
    Warning in max(height[species == "Human"]) :
     no non-missing arguments to max; returning -Inf
    Warning in max(height[species == "Human"]) :
     no non-missing arguments to max; returning -Inf
    --- finished re-building ‘s.Rmd’
    
    SUMMARY: processing the following file failed:
     ‘retype.Rmd’
    
    Error: Vignette re-building failed.
    Execution halted
Flavor: r-patched-solaris-x86

Version: 0.2.0
Check: re-building of vignette outputs
Result: WARN
    Error(s) in re-building vignettes:
    --- re-building ‘convert.Rmd’ using rmarkdown
    Warning in engine$weave(file, quiet = quiet, encoding = enc) :
     Pandoc (>= 1.12.3) and/or pandoc-citeproc not available. Falling back to R Markdown v1.
    --- finished re-building ‘convert.Rmd’
    
    --- re-building ‘hablar.Rmd’ using rmarkdown
    Warning in engine$weave(file, quiet = quiet, encoding = enc) :
     Pandoc (>= 1.12.3) and/or pandoc-citeproc not available. Falling back to R Markdown v1.
    --- finished re-building ‘hablar.Rmd’
    
    --- re-building ‘retype.Rmd’ using rmarkdown
    Warning in engine$weave(file, quiet = quiet, encoding = enc) :
     Pandoc (>= 1.12.3) and/or pandoc-citeproc not available. Falling back to R Markdown v1.
    Quitting from lines 95-107 (retype.Rmd)
    Error: processing vignette 'retype.Rmd' failed with diagnostics:
    cannot open the connection
    --- failed re-building ‘retype.Rmd’
    
    --- re-building ‘s.Rmd’ using rmarkdown
    Warning in engine$weave(file, quiet = quiet, encoding = enc) :
     Pandoc (>= 1.12.3) and/or pandoc-citeproc not available. Falling back to R Markdown v1.
    Warning in max(sold_sodas, na.rm = T) :
     no non-missing arguments to max; returning -Inf
    Warning in max(x) : no non-missing arguments to max; returning -Inf
    Warning in max(height[species == "Human"]) :
     no non-missing arguments to max; returning -Inf
    Warning in max(height[species == "Human"]) :
     no non-missing arguments to max; returning -Inf
    Warning in max(height[species == "Human"]) :
     no non-missing arguments to max; returning -Inf
    Warning in max(height[species == "Human"]) :
     no non-missing arguments to max; returning -Inf
    Warning in max(height[species == "Human"]) :
     no non-missing arguments to max; returning -Inf
    Warning in max(height[species == "Human"]) :
     no non-missing arguments to max; returning -Inf
    Warning in max(height[species == "Human"]) :
     no non-missing arguments to max; returning -Inf
    Warning in max(height[species == "Human"]) :
     no non-missing arguments to max; returning -Inf
    Warning in max(height[species == "Human"]) :
     no non-missing arguments to max; returning -Inf
    Warning in max(height[species == "Human"]) :
     no non-missing arguments to max; returning -Inf
    Warning in max(height[species == "Human"]) :
     no non-missing arguments to max; returning -Inf
    Warning in max(height[species == "Human"]) :
     no non-missing arguments to max; returning -Inf
    Warning in max(height[species == "Human"]) :
     no non-missing arguments to max; returning -Inf
    Warning in max(height[species == "Human"]) :
     no non-missing arguments to max; returning -Inf
    Warning in max(height[species == "Human"]) :
     no non-missing arguments to max; returning -Inf
    Warning in max(height[species == "Human"]) :
     no non-missing arguments to max; returning -Inf
    Warning in max(height[species == "Human"]) :
     no non-missing arguments to max; returning -Inf
    Warning in max(height[species == "Human"]) :
     no non-missing arguments to max; returning -Inf
    Warning in max(height[species == "Human"]) :
     no non-missing arguments to max; returning -Inf
    Warning in max(height[species == "Human"]) :
     no non-missing arguments to max; returning -Inf
    Warning in max(height[species == "Human"]) :
     no non-missing arguments to max; returning -Inf
    Warning in max(height[species == "Human"]) :
     no non-missing arguments to max; returning -Inf
    Warning in max(height[species == "Human"]) :
     no non-missing arguments to max; returning -Inf
    Warning in max(height[species == "Human"]) :
     no non-missing arguments to max; returning -Inf
    Warning in max(height[species == "Human"]) :
     no non-missing arguments to max; returning -Inf
    Warning in max(height[species == "Human"]) :
     no non-missing arguments to max; returning -Inf
    Warning in max(height[species == "Human"]) :
     no non-missing arguments to max; returning -Inf
    Warning in max(height[species == "Human"]) :
     no non-missing arguments to max; returning -Inf
    Warning in max(height[species == "Human"]) :
     no non-missing arguments to max; returning -Inf
    Warning in max(height[species == "Human"]) :
     no non-missing arguments to max; returning -Inf
    Warning in max(height[species == "Human"]) :
     no non-missing arguments to max; returning -Inf
    Warning in max(height[species == "Human"]) :
     no non-missing arguments to max; returning -Inf
    --- finished re-building ‘s.Rmd’
    
    SUMMARY: processing the following file failed:
     ‘retype.Rmd’
    
    Error: Vignette re-building failed.
    Execution halted
Flavor: r-release-osx-x86_64

Version: 0.2.0
Check: re-building of vignette outputs
Result: WARN
    Error in re-building vignettes:
     ...
    Warning in engine$weave(file, quiet = quiet, encoding = enc) :
     Pandoc (>= 1.12.3) and/or pandoc-citeproc not available. Falling back to R Markdown v1.
    Warning in engine$weave(file, quiet = quiet, encoding = enc) :
     Pandoc (>= 1.12.3) and/or pandoc-citeproc not available. Falling back to R Markdown v1.
    Warning in engine$weave(file, quiet = quiet, encoding = enc) :
     Pandoc (>= 1.12.3) and/or pandoc-citeproc not available. Falling back to R Markdown v1.
    Quitting from lines 95-107 (retype.Rmd)
    Error: processing vignette 'retype.Rmd' failed with diagnostics:
    cannot open the connection
    Execution halted
Flavor: r-oldrel-osx-x86_64