Last updated on 2022-06-25 17:51:30 CEST.
Flavor | Version | Tinstall | Tcheck | Ttotal | Status | Flags |
---|---|---|---|---|---|---|
r-devel-linux-x86_64-debian-clang | 0.3.0 | 5.06 | 42.14 | 47.20 | OK | |
r-devel-linux-x86_64-debian-gcc | 0.3.0 | 4.29 | 32.88 | 37.17 | OK | |
r-devel-linux-x86_64-fedora-clang | 0.3.0 | 67.93 | NOTE | |||
r-devel-linux-x86_64-fedora-gcc | 0.3.0 | 67.83 | NOTE | |||
r-devel-windows-x86_64 | 0.3.0 | 29.00 | 70.00 | 99.00 | OK | |
r-patched-linux-x86_64 | 0.3.0 | 6.40 | 40.71 | 47.11 | OK | |
r-release-linux-x86_64 | 0.3.0 | 5.04 | 41.08 | 46.12 | OK | |
r-release-macos-arm64 | 0.3.0 | 24.00 | OK | |||
r-release-macos-x86_64 | 0.3.0 | 31.00 | OK | |||
r-release-windows-x86_64 | 0.3.0 | 27.00 | 73.00 | 100.00 | OK | |
r-oldrel-macos-arm64 | 0.3.0 | 28.00 | OK | |||
r-oldrel-macos-x86_64 | 0.3.0 | 41.00 | OK | |||
r-oldrel-windows-ix86+x86_64 | 0.3.0 | 13.00 | 60.00 | 73.00 | OK |
Version: 0.3.0
Check: package dependencies
Result: NOTE
Suggests orphaned package: ‘bibtex’
Flavors: r-devel-linux-x86_64-fedora-clang, r-devel-linux-x86_64-fedora-gcc