CRAN Package Check Results for Package haplo.stats

Last updated on 2021-09-19 21:49:03 CEST.

Flavor Version Tinstall Tcheck Ttotal Status Flags
r-devel-linux-x86_64-debian-clang 1.8.7 20.71 242.66 263.37 OK
r-devel-linux-x86_64-debian-gcc 1.8.7 15.28 194.34 209.62 OK
r-devel-linux-x86_64-fedora-clang 1.8.7 331.27 OK
r-devel-linux-x86_64-fedora-gcc 1.8.7 325.33 OK
r-devel-windows-x86_64 1.8.7 24.00 200.00 224.00 OK
r-devel-windows-x86_64-gcc10-UCRT 1.8.7 ERROR
r-patched-linux-x86_64 1.8.7 20.33 230.48 250.81 OK
r-patched-solaris-x86 1.8.7 660.70 OK
r-release-linux-x86_64 1.8.7 17.31 234.55 251.86 OK
r-release-macos-arm64 1.8.7 OK
r-release-macos-x86_64 1.8.7 OK
r-release-windows-ix86+x86_64 1.8.7 47.00 351.00 398.00 OK
r-oldrel-macos-x86_64 1.8.7 OK
r-oldrel-windows-ix86+x86_64 1.8.7 49.00 364.00 413.00 OK

Check Details

Version: 1.8.7
Check: whether package can be installed
Result: ERROR
    Installation failed.
Flavor: r-devel-windows-x86_64-gcc10-UCRT