Last updated on 2022-07-01 02:54:18 CEST.
Flavor | Version | Tinstall | Tcheck | Ttotal | Status | Flags |
---|---|---|---|---|---|---|
r-devel-linux-x86_64-debian-clang | 2.2.6.2 | 2.28 | 34.42 | 36.70 | NOTE | |
r-devel-linux-x86_64-debian-gcc | 2.2.6.2 | 2.61 | 30.34 | 32.95 | NOTE | |
r-devel-linux-x86_64-fedora-clang | 2.2.6.2 | 56.42 | NOTE | |||
r-devel-linux-x86_64-fedora-gcc | 2.2.6.2 | 54.84 | NOTE | |||
r-devel-windows-x86_64 | 2.2.6.2 | 25.00 | 66.00 | 91.00 | NOTE | |
r-patched-linux-x86_64 | 2.2.6.2 | 3.72 | 38.59 | 42.31 | OK | |
r-release-linux-x86_64 | 2.2.6.2 | 3.09 | 38.48 | 41.57 | OK | |
r-release-macos-arm64 | 2.2.6.2 | 20.00 | OK | |||
r-release-macos-x86_64 | 2.2.6.2 | 28.00 | OK | |||
r-release-windows-x86_64 | 2.2.6.2 | 25.00 | 70.00 | 95.00 | OK | |
r-oldrel-macos-arm64 | 2.2.6.2 | 20.00 | OK | |||
r-oldrel-macos-x86_64 | 2.2.6.2 | 30.00 | OK | |||
r-oldrel-windows-ix86+x86_64 | 2.2.6.2 | 9.00 | 56.00 | 65.00 | OK |
Version: 2.2.6.2
Check: Rd files
Result: NOTE
checkRd: (-1) hash-accessors.Rd:46: Escaped LaTeX specials: \$
checkRd: (-1) hash-class.Rd:44: Escaped LaTeX specials: \$
checkRd: (-1) hash-class.Rd:45: Escaped LaTeX specials: \$
checkRd: (-1) hash-package.Rd:39: Escaped LaTeX specials: \#
Flavors: r-devel-linux-x86_64-debian-clang, r-devel-linux-x86_64-debian-gcc, r-devel-linux-x86_64-fedora-clang, r-devel-linux-x86_64-fedora-gcc, r-devel-windows-x86_64