CRAN Package Check Results for Package helda

Last updated on 2020-11-25 08:50:37 CET.

Flavor Version Tinstall Tcheck Ttotal Status Flags
r-devel-linux-x86_64-debian-clang 1.1.3 7.56 67.26 74.82 OK
r-devel-linux-x86_64-debian-gcc 1.1.3 6.16 51.08 57.24 OK
r-devel-linux-x86_64-fedora-clang 1.1.3 101.90 NOTE
r-devel-linux-x86_64-fedora-gcc 1.1.3 87.11 NOTE
r-devel-windows-ix86+x86_64 1.1.3 16.00 96.00 112.00 OK
r-patched-linux-x86_64 1.1.3 8.53 63.99 72.52 OK
r-patched-solaris-x86 1.1.3 127.90 NOTE
r-release-linux-x86_64 1.1.3 7.02 65.00 72.02 OK
r-release-macos-x86_64 1.1.3 NOTE
r-release-windows-ix86+x86_64 1.1.3 18.00 94.00 112.00 OK
r-oldrel-macos-x86_64 1.1.3 NOTE
r-oldrel-windows-ix86+x86_64 1.1.3 9.00 74.00 83.00 OK

Check Details

Version: 1.1.3
Check: data for non-ASCII characters
Result: NOTE
     Note: found 1 marked UTF-8 string
Flavors: r-devel-linux-x86_64-fedora-clang, r-devel-linux-x86_64-fedora-gcc, r-patched-solaris-x86, r-release-macos-x86_64, r-oldrel-macos-x86_64