CRAN Package Check Results for Package helsinki

Last updated on 2024-05-27 14:55:58 CEST.

Flavor Version Tinstall Tcheck Ttotal Status Flags
r-devel-linux-x86_64-debian-clang 1.0.6 8.55 77.04 85.59 NOTE
r-devel-linux-x86_64-debian-gcc 1.0.6 6.32 58.09 64.41 NOTE
r-devel-linux-x86_64-fedora-clang 1.0.6 106.01 NOTE
r-devel-linux-x86_64-fedora-gcc 1.0.6 112.15 NOTE
r-devel-windows-x86_64 1.0.6 8.00 87.00 95.00 NOTE
r-patched-linux-x86_64 1.0.6 7.77 73.57 81.34 NOTE
r-release-linux-x86_64 1.0.6 6.35 73.01 79.36 NOTE
r-release-macos-arm64 1.0.6 59.00 NOTE
r-release-windows-x86_64 1.0.6 7.00 87.00 94.00 NOTE
r-oldrel-macos-arm64 1.0.6 49.00 OK
r-oldrel-macos-x86_64 1.0.6 71.00 OK
r-oldrel-windows-x86_64 1.0.6 10.00 96.00 106.00 OK

Check Details

Version: 1.0.6
Check: Rd files
Result: NOTE checkRd: (-1) get_hri_stats.Rd:40: Lost braces 40 | See \url{https://dev.hel.fi/apis/statistics/}{dev.hel.fi website} and | ^ checkRd: (-1) get_hri_stats.Rd:41: Lost braces 41 | \url{http://dev.hel.fi/stats/}{API documentation} (in Finnish) | ^ checkRd: (-1) get_linkedevents.Rd:39: Lost braces in \itemize; meant \describe ? checkRd: (-1) get_linkedevents.Rd:40: Lost braces in \itemize; meant \describe ? checkRd: (-1) get_linkedevents.Rd:41: Lost braces in \itemize; meant \describe ? checkRd: (-1) get_linkedevents.Rd:42: Lost braces in \itemize; meant \describe ? checkRd: (-1) get_linkedevents.Rd:43: Lost braces in \itemize; meant \describe ? checkRd: (-1) get_servicemap.Rd:40: Lost braces in \itemize; meant \describe ? checkRd: (-1) get_servicemap.Rd:41: Lost braces in \itemize; meant \describe ? checkRd: (-1) get_servicemap.Rd:42: Lost braces in \itemize; meant \describe ? checkRd: (-1) get_servicemap.Rd:43: Lost braces in \itemize; meant \describe ? checkRd: (-1) get_servicemap.Rd:44: Lost braces in \itemize; meant \describe ? checkRd: (-1) get_servicemap.Rd:45: Lost braces in \itemize; meant \describe ? checkRd: (-1) get_servicemap.Rd:52: Lost braces in \itemize; meant \describe ? checkRd: (-1) get_servicemap.Rd:53: Lost braces in \itemize; meant \describe ? checkRd: (-1) get_servicemap.Rd:54: Lost braces in \itemize; meant \describe ? checkRd: (-1) get_servicemap.Rd:55: Lost braces in \itemize; meant \describe ? checkRd: (-1) get_servicemap.Rd:56: Lost braces in \itemize; meant \describe ? checkRd: (-1) get_servicemap.Rd:57: Lost braces in \itemize; meant \describe ? checkRd: (-1) get_servicemap.Rd:58: Lost braces in \itemize; meant \describe ? checkRd: (-1) get_servicemap.Rd:59: Lost braces in \itemize; meant \describe ? checkRd: (-1) get_servicemap.Rd:60: Lost braces in \itemize; meant \describe ? checkRd: (-1) get_servicemap.Rd:61: Lost braces in \itemize; meant \describe ? Flavors: r-devel-linux-x86_64-debian-clang, r-devel-linux-x86_64-debian-gcc, r-devel-linux-x86_64-fedora-clang, r-devel-linux-x86_64-fedora-gcc, r-devel-windows-x86_64, r-patched-linux-x86_64, r-release-linux-x86_64, r-release-macos-arm64, r-release-windows-x86_64