CRAN Package Check Results for Package here

Last updated on 2021-09-24 12:51:12 CEST.

Flavor Version Tinstall Tcheck Ttotal Status Flags
r-devel-linux-x86_64-debian-clang 1.0.1 2.02 29.06 31.08 NOTE
r-devel-linux-x86_64-debian-gcc 1.0.1 1.53 22.70 24.23 NOTE
r-devel-linux-x86_64-fedora-clang 1.0.1 46.38 NOTE
r-devel-linux-x86_64-fedora-gcc 1.0.1 35.58 NOTE
r-devel-windows-x86_64 1.0.1 3.00 37.00 40.00 NOTE
r-devel-windows-x86_64-gcc10-UCRT 1.0.1 NOTE
r-patched-linux-x86_64 1.0.1 2.12 30.39 32.51 NOTE
r-patched-solaris-x86 1.0.1 56.60 NOTE
r-release-linux-x86_64 1.0.1 2.04 30.10 32.14 NOTE
r-release-macos-arm64 1.0.1 NOTE
r-release-macos-x86_64 1.0.1 NOTE
r-release-windows-ix86+x86_64 1.0.1 6.00 36.00 42.00 NOTE
r-oldrel-macos-x86_64 1.0.1 OK
r-oldrel-windows-ix86+x86_64 1.0.1 25.00 36.00 61.00 OK

Check Details

Version: 1.0.1
Check: LazyData
Result: NOTE
     'LazyData' is specified without a 'data' directory
Flavors: r-devel-linux-x86_64-debian-clang, r-devel-linux-x86_64-debian-gcc, r-devel-linux-x86_64-fedora-clang, r-devel-linux-x86_64-fedora-gcc, r-devel-windows-x86_64, r-devel-windows-x86_64-gcc10-UCRT, r-patched-linux-x86_64, r-patched-solaris-x86, r-release-linux-x86_64, r-release-macos-arm64, r-release-macos-x86_64, r-release-windows-ix86+x86_64