Last updated on 2023-03-27 23:55:43 CEST.
Flavor | Version | Tinstall | Tcheck | Ttotal | Status | Flags |
---|---|---|---|---|---|---|
r-devel-linux-x86_64-debian-clang | 0.5.3 | 353.36 | 477.61 | 830.97 | NOTE | |
r-devel-linux-x86_64-debian-gcc | 0.5.3 | 312.07 | 335.82 | 647.89 | NOTE | |
r-devel-linux-x86_64-fedora-clang | 0.5.3 | 1077.61 | NOTE | |||
r-devel-linux-x86_64-fedora-gcc | 0.5.3 | 1112.92 | NOTE | |||
r-patched-linux-x86_64 | 0.5.3 | 308.05 | 419.22 | 727.27 | NOTE | |
r-release-linux-x86_64 | 0.5.3 | 316.72 | 412.97 | 729.69 | OK | |
r-release-macos-arm64 | 0.5.3 | 256.00 | NOTE | |||
r-release-macos-x86_64 | 0.5.3 | 344.00 | NOTE | |||
r-release-windows-x86_64 | 0.5.3 | 336.00 | 612.00 | 948.00 | NOTE | |
r-oldrel-macos-arm64 | 0.5.3 | 265.00 | NOTE | |||
r-oldrel-macos-x86_64 | 0.5.3 | 356.00 | NOTE | |||
r-oldrel-windows-ix86+x86_64 | 0.5.3 | 844.00 | 653.00 | 1497.00 | NOTE |
Version: 0.5.3
Check: C++ specification
Result: NOTE
Specified C++11: please drop specification unless essential
Flavors: r-devel-linux-x86_64-debian-clang, r-devel-linux-x86_64-debian-gcc, r-devel-linux-x86_64-fedora-clang, r-devel-linux-x86_64-fedora-gcc, r-patched-linux-x86_64
Version: 0.5.3
Check: installed package size
Result: NOTE
installed size is 6.2Mb
sub-directories of 1Mb or more:
doc 2.2Mb
libs 2.2Mb
Flavors: r-devel-linux-x86_64-fedora-clang, r-release-macos-arm64, r-release-macos-x86_64, r-release-windows-x86_64, r-oldrel-macos-arm64, r-oldrel-macos-x86_64, r-oldrel-windows-ix86+x86_64
Version: 0.5.3
Check: dependencies in R code
Result: NOTE
Namespace in Imports field not imported from: ‘R6’
All declared Imports should be used.
Flavors: r-devel-linux-x86_64-fedora-clang, r-devel-linux-x86_64-fedora-gcc, r-release-macos-arm64, r-release-macos-x86_64, r-oldrel-macos-arm64, r-oldrel-macos-x86_64