CRAN Package Check Results for Package hetGP

Last updated on 2020-12-03 16:47:43 CET.

Flavor Version Tinstall Tcheck Ttotal Status Flags
r-devel-linux-x86_64-debian-clang 1.1.2 75.64 144.97 220.61 OK --no-vignettes
r-devel-linux-x86_64-debian-gcc 1.1.2 47.63 104.36 151.99 OK --no-vignettes
r-devel-linux-x86_64-fedora-clang 1.1.2 285.46 OK --no-vignettes
r-devel-linux-x86_64-fedora-gcc 1.1.2 276.06 OK --no-vignettes
r-devel-windows-ix86+x86_64 1.1.2 172.00 208.00 380.00 OK --no-vignettes
r-patched-linux-x86_64 1.1.2 60.30 136.89 197.19 OK --no-vignettes
r-patched-solaris-x86 1.1.2 293.40 OK --no-vignettes
r-release-linux-x86_64 1.1.2 59.28 137.04 196.32 OK --no-vignettes
r-release-macos-x86_64 1.1.2 FAIL
r-release-windows-ix86+x86_64 1.1.2 131.00 281.00 412.00 OK --no-vignettes
r-oldrel-macos-x86_64 1.1.2 WARN
r-oldrel-windows-ix86+x86_64 1.1.2 129.00 241.00 370.00 OK --no-vignettes

Check Details

Version: 1.1.2
Check: re-building of vignette outputs
Result: WARN
    Error(s) in re-building vignettes:
     ...
    --- re-building ‘hetGP_vignette.Rnw’ using knitr
    
    Execution halted
Flavor: r-release-macos-x86_64

Version: 1.1.2
Check: PDF version of manual
Result: FAIL
Flavor: r-release-macos-x86_64

Version: 1.1.2
Check: re-building of vignette outputs
Result: WARN
    Error(s) in re-building vignettes:
     ...
    --- re-building ‘hetGP_vignette.Rnw’ using knitr
    Quitting from lines 434-443 (hetGP_vignette.Rnw)
    Error: processing vignette 'hetGP_vignette.Rnw' failed with diagnostics:
    invalid 'z' limits
    --- failed re-building ‘hetGP_vignette.Rnw’
    
    SUMMARY: processing the following file failed:
     ‘hetGP_vignette.Rnw’
    
    Error: Vignette re-building failed.
    Execution halted
Flavor: r-oldrel-macos-x86_64