CRAN Package Check Results for Package hexSticker

Last updated on 2020-02-19 21:46:36 CET.

Flavor Version Tinstall Tcheck Ttotal Status Flags
r-devel-linux-x86_64-debian-clang 0.4.6 4.98 44.56 49.54 NOTE
r-devel-linux-x86_64-debian-gcc 0.4.6 4.23 33.08 37.31 NOTE
r-devel-linux-x86_64-fedora-clang 0.4.6 59.10 NOTE
r-devel-linux-x86_64-fedora-gcc 0.4.6 56.70 NOTE
r-devel-windows-ix86+x86_64 0.4.6 13.00 57.00 70.00 OK
r-devel-windows-ix86+x86_64-gcc8 0.4.6 23.00 89.00 112.00 OK
r-patched-linux-x86_64 0.4.6 4.15 38.69 42.84 OK
r-patched-solaris-x86 0.4.6 87.60 OK
r-release-linux-x86_64 0.4.6 3.91 38.43 42.34 OK
r-release-windows-ix86+x86_64 0.4.6 13.00 53.00 66.00 OK
r-release-osx-x86_64 0.4.6 OK
r-oldrel-windows-ix86+x86_64 0.4.6 9.00 54.00 63.00 OK
r-oldrel-osx-x86_64 0.4.6 OK

Check Details

Version: 0.4.6
Check: for non-standard things in the check directory
Result: NOTE
    Found the following files/directories:
     'hexSticker.png'
Flavors: r-devel-linux-x86_64-debian-clang, r-devel-linux-x86_64-debian-gcc, r-devel-linux-x86_64-fedora-clang, r-devel-linux-x86_64-fedora-gcc