CRAN Package Check Results for Package hexSticker

Last updated on 2019-10-14 04:46:23 CEST.

Flavor Version Tinstall Tcheck Ttotal Status Flags
r-devel-linux-x86_64-debian-clang 0.4.6 4.62 39.70 44.32 NOTE
r-devel-linux-x86_64-debian-gcc 0.4.6 3.62 30.75 34.37 NOTE
r-devel-linux-x86_64-fedora-clang 0.4.6 53.23 NOTE
r-devel-linux-x86_64-fedora-gcc 0.4.6 55.23 NOTE
r-devel-windows-ix86+x86_64 0.4.6 14.00 76.00 90.00 OK
r-patched-linux-x86_64 0.4.6 4.36 38.26 42.62 OK
r-patched-solaris-x86 0.4.6 82.20 OK
r-release-linux-x86_64 0.4.6 4.37 38.66 43.03 OK
r-release-windows-ix86+x86_64 0.4.6 20.00 57.00 77.00 OK
r-release-osx-x86_64 0.4.6 OK
r-oldrel-windows-ix86+x86_64 0.4.6 10.00 56.00 66.00 OK
r-oldrel-osx-x86_64 0.4.6 OK

Check Details

Version: 0.4.6
Check: for non-standard things in the check directory
Result: NOTE
    Found the following files/directories:
     'hexSticker.png'
Flavors: r-devel-linux-x86_64-debian-clang, r-devel-linux-x86_64-debian-gcc, r-devel-linux-x86_64-fedora-clang, r-devel-linux-x86_64-fedora-gcc