Last updated on 2022-05-26 21:50:08 CEST.
Flavor | Version | Tinstall | Tcheck | Ttotal | Status | Flags |
---|---|---|---|---|---|---|
r-devel-linux-x86_64-debian-clang | 2.1.4 | 7.89 | 112.16 | 120.05 | OK | |
r-devel-linux-x86_64-debian-gcc | 2.1.4 | 9.03 | 99.25 | 108.28 | OK | |
r-devel-linux-x86_64-fedora-clang | 2.1.4 | 150.93 | NOTE | |||
r-devel-linux-x86_64-fedora-gcc | 2.1.4 | 141.70 | NOTE | |||
r-devel-windows-x86_64 | 2.1.4 | 17.00 | 128.00 | 145.00 | OK | |
r-patched-linux-x86_64 | 2.1.4 | 8.98 | 105.30 | 114.28 | OK | |
r-release-linux-x86_64 | 2.1.4 | 7.55 | 106.51 | 114.06 | OK | |
r-release-macos-arm64 | 2.1.4 | 42.00 | NOTE | |||
r-release-macos-x86_64 | 2.1.4 | 73.00 | NOTE | |||
r-release-windows-x86_64 | 2.1.4 | 17.00 | 124.00 | 141.00 | OK | |
r-oldrel-macos-arm64 | 2.1.4 | 45.00 | NOTE | |||
r-oldrel-macos-x86_64 | 2.1.4 | 82.00 | NOTE | |||
r-oldrel-windows-ix86+x86_64 | 2.1.4 | 23.00 | 121.00 | 144.00 | OK |
Version: 2.1.4
Check: dependencies in R code
Result: NOTE
Namespace in Imports field not imported from: ‘spatstat.linnet’
All declared Imports should be used.
Flavors: r-devel-linux-x86_64-fedora-clang, r-devel-linux-x86_64-fedora-gcc, r-release-macos-arm64, r-release-macos-x86_64, r-oldrel-macos-arm64, r-oldrel-macos-x86_64