CRAN Package Check Results for Package hier.part

Last updated on 2020-01-19 11:47:37 CET.

Flavor Version Tinstall Tcheck Ttotal Status Flags
r-devel-linux-x86_64-debian-clang 1.0-4 3.16 38.01 41.17 NOTE
r-devel-linux-x86_64-debian-gcc 1.0-4 2.35 30.51 32.86 WARN
r-devel-linux-x86_64-fedora-clang 1.0-4 51.34 NOTE
r-devel-linux-x86_64-fedora-gcc 1.0-4 48.19 WARN
r-devel-windows-ix86+x86_64 1.0-4 17.00 85.00 102.00 NOTE
r-devel-windows-ix86+x86_64-gcc8 1.0-4 11.00 96.00 107.00 WARN
r-patched-linux-x86_64 1.0-4 2.25 36.80 39.05 WARN
r-patched-solaris-x86 1.0-4 67.80 NOTE
r-release-linux-x86_64 1.0-4 2.53 35.36 37.89 WARN
r-release-windows-ix86+x86_64 1.0-4 10.00 86.00 96.00 NOTE
r-release-osx-x86_64 1.0-4 NOTE
r-oldrel-windows-ix86+x86_64 1.0-4 8.00 61.00 69.00 NOTE
r-oldrel-osx-x86_64 1.0-4 NOTE

Check Details

Version: 1.0-4
Check: DESCRIPTION meta-information
Result: NOTE
    Malformed Description field: should contain one or more complete sentences.
Flavors: r-devel-linux-x86_64-debian-clang, r-devel-linux-x86_64-debian-gcc, r-devel-linux-x86_64-fedora-clang, r-devel-linux-x86_64-fedora-gcc, r-devel-windows-ix86+x86_64, r-devel-windows-ix86+x86_64-gcc8, r-patched-linux-x86_64, r-patched-solaris-x86, r-release-linux-x86_64, r-release-windows-ix86+x86_64, r-release-osx-x86_64, r-oldrel-windows-ix86+x86_64, r-oldrel-osx-x86_64

Version: 1.0-4
Check: dependencies in R code
Result: NOTE
    'library' or 'require' call to 'gtools' which was already attached by Depends.
     Please remove these calls from your code.
Flavors: r-devel-linux-x86_64-debian-clang, r-devel-linux-x86_64-debian-gcc, r-devel-linux-x86_64-fedora-clang, r-devel-linux-x86_64-fedora-gcc, r-devel-windows-ix86+x86_64, r-devel-windows-ix86+x86_64-gcc8, r-patched-linux-x86_64, r-patched-solaris-x86, r-release-linux-x86_64, r-release-windows-ix86+x86_64, r-release-osx-x86_64, r-oldrel-windows-ix86+x86_64, r-oldrel-osx-x86_64

Version: 1.0-4
Check: R code for possible problems
Result: NOTE
    all.regs: no visible global function definition for 'glm'
    all.regs: no visible global function definition for 'logLik'
    combos: no visible global function definition for 'menu'
    current.model: no visible global function definition for 'formula'
    current.model: no visible global function definition for 'glm'
    current.model: no visible global function definition for 'logLik'
    current.model: no visible global function definition for 'lm'
    rand.hp: no visible global function definition for 'runif'
    rand.hp: no visible global function definition for 'sd'
    Undefined global functions or variables:
     formula glm lm logLik menu runif sd
    Consider adding
     importFrom("stats", "formula", "glm", "lm", "logLik", "runif", "sd")
     importFrom("utils", "menu")
    to your NAMESPACE file.
Flavors: r-devel-linux-x86_64-debian-clang, r-devel-linux-x86_64-debian-gcc, r-devel-linux-x86_64-fedora-clang, r-devel-linux-x86_64-fedora-gcc, r-devel-windows-ix86+x86_64, r-devel-windows-ix86+x86_64-gcc8, r-patched-linux-x86_64, r-patched-solaris-x86, r-release-linux-x86_64, r-release-windows-ix86+x86_64, r-release-osx-x86_64, r-oldrel-windows-ix86+x86_64, r-oldrel-osx-x86_64

Version: 1.0-4
Check: whether package can be installed
Result: WARN
    Found the following significant warnings:
     gener.c:39:13: warning: passing argument 1 to restrict-qualified parameter aliases with argument 3 [-Wrestrict]
     gener.c:39:26: warning: ‘__builtin___sprintf_chk’ may write a terminating nul past the end of the destination [-Wformat-overflow=]
Flavors: r-devel-linux-x86_64-debian-gcc, r-devel-linux-x86_64-fedora-gcc

Version: 1.0-4
Check: compiled code
Result: NOTE
    File ‘hier.part/libs/hier.part.so’:
     Found no calls to: ‘R_registerRoutines’, ‘R_useDynamicSymbols’
    
    It is good practice to register native routines and to disable symbol
    search.
    
    See ‘Writing portable packages’ in the ‘Writing R Extensions’ manual.
Flavors: r-devel-linux-x86_64-fedora-clang, r-devel-linux-x86_64-fedora-gcc

Version: 1.0-4
Check: whether package can be installed
Result: WARN
    Found the following significant warnings:
     gener.c:39:13: warning: passing argument 1 to restrict-qualified parameter aliases with argument 3 [-Wrestrict]
     gener.c:39:26: warning: 'sprintf' may write a terminating nul past the end of the destination [-Wformat-overflow=]
Flavor: r-devel-windows-ix86+x86_64-gcc8

Version: 1.0-4
Check: whether package can be installed
Result: WARN
    Found the following significant warnings:
     gener.c:39:26: warning: ‘sprintf’ may write a terminating nul past the end of the destination [-Wformat-overflow=]
Flavors: r-patched-linux-x86_64, r-release-linux-x86_64