Last updated on 2023-06-05 23:09:32 CEST.
Flavor | Version | Tinstall | Tcheck | Ttotal | Status | Flags |
---|---|---|---|---|---|---|
r-devel-linux-x86_64-debian-clang | 0.0.5 | 187.76 | 248.34 | 436.10 | NOTE | |
r-devel-linux-x86_64-debian-gcc | 0.0.5 | 158.79 | 192.21 | 351.00 | NOTE | |
r-devel-linux-x86_64-fedora-clang | 0.0.5 | 537.00 | NOTE | |||
r-devel-linux-x86_64-fedora-gcc | 0.0.5 | 614.40 | NOTE | |||
r-devel-windows-x86_64 | 0.0.5 | 137.00 | 216.00 | 353.00 | NOTE | |
r-patched-linux-x86_64 | 0.0.5 | 138.43 | 237.73 | 376.16 | NOTE | |
r-release-linux-x86_64 | 0.0.5 | 154.80 | 243.46 | 398.26 | NOTE | |
r-release-macos-arm64 | 0.0.5 | 169.00 | NOTE | |||
r-release-macos-x86_64 | 0.0.5 | 271.00 | NOTE | |||
r-release-windows-x86_64 | 0.0.5 | 184.00 | 277.00 | 461.00 | NOTE | |
r-oldrel-macos-arm64 | 0.0.5 | 144.00 | NOTE | |||
r-oldrel-macos-x86_64 | 0.0.5 | 199.00 | NOTE | |||
r-oldrel-windows-x86_64 | 0.0.5 | 174.00 | 276.00 | 450.00 | NOTE |
Version: 0.0.5
Check: for GNU extensions in Makefiles
Result: NOTE
GNU make is a SystemRequirements.
Flavors: r-devel-linux-x86_64-debian-clang, r-devel-linux-x86_64-debian-gcc, r-devel-linux-x86_64-fedora-clang, r-devel-linux-x86_64-fedora-gcc, r-devel-windows-x86_64, r-patched-linux-x86_64, r-release-linux-x86_64, r-release-macos-arm64, r-release-macos-x86_64, r-release-windows-x86_64, r-oldrel-macos-arm64, r-oldrel-macos-x86_64, r-oldrel-windows-x86_64
Version: 0.0.5
Check: installed package size
Result: NOTE
installed size is 41.8Mb
sub-directories of 1Mb or more:
libs 41.3Mb
Flavors: r-release-macos-arm64, r-release-macos-x86_64, r-oldrel-macos-arm64, r-oldrel-macos-x86_64