CRAN Package Check Results for Package hit

Last updated on 2022-09-27 14:53:30 CEST.

Flavor Version Tinstall Tcheck Ttotal Status Flags
r-devel-linux-x86_64-debian-clang 0.4.0 29.78 105.17 134.95 OK
r-devel-linux-x86_64-debian-gcc 0.4.0 21.65 77.32 98.97 OK
r-devel-linux-x86_64-fedora-clang 0.4.0 181.23 NOTE
r-devel-linux-x86_64-fedora-gcc 0.4.0 182.11 NOTE
r-devel-windows-x86_64 0.4.0 27.00 147.00 174.00 OK
r-patched-linux-x86_64 0.4.0 24.86 97.94 122.80 OK
r-release-linux-x86_64 0.4.0 20.85 98.75 119.60 OK
r-release-macos-arm64 0.4.0 45.00 OK
r-release-macos-x86_64 0.4.0 63.00 OK
r-release-windows-x86_64 0.4.0 104.00 152.00 256.00 OK
r-oldrel-macos-arm64 0.4.0 49.00 OK
r-oldrel-macos-x86_64 0.4.0 70.00 OK
r-oldrel-windows-ix86+x86_64 0.4.0 65.00 190.00 255.00 OK

Check Details

Version: 0.4.0
Check: compiled code
Result: NOTE
    File ‘hit/libs/hit.so’:
     Found no calls to: ‘R_registerRoutines’, ‘R_useDynamicSymbols’
    
    It is good practice to register native routines and to disable symbol
    search.
    
    See ‘Writing portable packages’ in the ‘Writing R Extensions’ manual.
Flavors: r-devel-linux-x86_64-fedora-clang, r-devel-linux-x86_64-fedora-gcc