CRAN Package Check Results for Package hive

Last updated on 2019-09-23 17:47:07 CEST.

Flavor Version Tinstall Tcheck Ttotal Status Flags
r-devel-linux-x86_64-debian-clang 0.2-0 4.10 36.63 40.73 OK
r-devel-linux-x86_64-debian-gcc 0.2-0 3.69 29.50 33.19 OK
r-devel-linux-x86_64-fedora-clang 0.2-0 51.48 OK
r-devel-linux-x86_64-fedora-gcc 0.2-0 51.36 OK
r-devel-windows-ix86+x86_64 0.2-0 11.00 7.00 18.00 ERROR
r-patched-linux-x86_64 0.2-0 3.96 35.75 39.71 OK
r-patched-solaris-x86 0.2-0 73.00 OK
r-release-linux-x86_64 0.2-0 4.68 36.27 40.95 OK
r-release-windows-ix86+x86_64 0.2-0 14.00 73.00 87.00 OK
r-release-osx-x86_64 0.2-0 OK
r-oldrel-windows-ix86+x86_64 0.2-0 5.00 67.00 72.00 OK
r-oldrel-osx-x86_64 0.2-0 OK

Check Details

Version: 0.2-0
Check: whether package can be installed
Result: ERROR
    Installation failed.
Flavor: r-devel-windows-ix86+x86_64