CRAN Package Check Results for Package hmmTMB

Last updated on 2024-05-27 13:52:53 CEST.

Flavor Version Tinstall Tcheck Ttotal Status Flags
r-devel-linux-x86_64-debian-clang 1.0.2 240.49 317.40 557.89 OK
r-devel-linux-x86_64-debian-gcc 1.0.2 204.73 224.21 428.94 OK
r-devel-linux-x86_64-fedora-clang 1.0.2 660.34 OK
r-devel-linux-x86_64-fedora-gcc 1.0.2 811.28 OK
r-devel-windows-x86_64 1.0.2 172.00 224.00 396.00 NOTE
r-patched-linux-x86_64 1.0.2 169.82 295.09 464.91 OK
r-release-linux-x86_64 1.0.2 0.48 2.01 2.49 ERROR
r-release-macos-arm64 1.0.2 160.00 NOTE
r-release-windows-x86_64 1.0.2 175.00 228.00 403.00 NOTE
r-oldrel-macos-arm64 1.0.2 161.00 NOTE
r-oldrel-macos-x86_64 1.0.2 408.00 NOTE
r-oldrel-windows-x86_64 1.0.2 236.00 308.00 544.00 NOTE

Check Details

Version: 1.0.2
Check: installed package size
Result: NOTE installed size is 14.9Mb sub-directories of 1Mb or more: libs 13.7Mb Flavors: r-devel-windows-x86_64, r-release-macos-arm64, r-release-windows-x86_64, r-oldrel-macos-arm64, r-oldrel-macos-x86_64, r-oldrel-windows-x86_64

Version: 1.0.2
Check: package dependencies
Result: ERROR Package required but not available: ‘tmbstan’ See section ‘The DESCRIPTION file’ in the ‘Writing R Extensions’ manual. Flavor: r-release-linux-x86_64