Last updated on 2025-01-17 21:49:33 CET.
Flavor | Version | Tinstall | Tcheck | Ttotal | Status | Flags |
---|---|---|---|---|---|---|
r-devel-linux-x86_64-debian-clang | 0.10 | 29.23 | 250.70 | 279.93 | OK | |
r-devel-linux-x86_64-debian-gcc | 0.10 | 20.87 | 169.06 | 189.93 | OK | |
r-devel-linux-x86_64-fedora-clang | 0.10 | 437.62 | NOTE | |||
r-devel-linux-x86_64-fedora-gcc | 0.10 | 425.44 | NOTE | |||
r-devel-windows-x86_64 | 0.10 | 27.00 | 214.00 | 241.00 | OK | |
r-patched-linux-x86_64 | 0.10 | 24.92 | 221.80 | 246.72 | OK | |
r-release-linux-x86_64 | 0.10 | 26.21 | 225.31 | 251.52 | OK | |
r-release-macos-arm64 | 0.10 | 130.00 | OK | |||
r-release-macos-x86_64 | 0.10 | 195.00 | OK | |||
r-release-windows-x86_64 | 0.10 | 25.00 | 227.00 | 252.00 | OK | |
r-oldrel-macos-arm64 | 0.10 | 11.00 | ERROR | |||
r-oldrel-macos-x86_64 | 0.10 | 221.00 | OK | |||
r-oldrel-windows-x86_64 | 0.10 | 31.00 | 265.00 | 296.00 | OK |
Version: 0.10
Check: dependencies in R code
Result: NOTE
Namespaces in Imports field not imported from:
‘knitr’ ‘rmarkdown’
All declared Imports should be used.
Flavors: r-devel-linux-x86_64-fedora-clang, r-devel-linux-x86_64-fedora-gcc
Version: 0.10
Check: whether package can be installed
Result: ERROR
Installation failed.
Flavor: r-oldrel-macos-arm64