CRAN Package Check Results for Package hpoPlot

Last updated on 2019-08-21 23:51:28 CEST.

Flavor Version Tinstall Tcheck Ttotal Status Flags
r-devel-linux-x86_64-debian-clang 2.4 4.81 57.52 62.33 OK
r-devel-linux-x86_64-debian-gcc 2.4 3.99 46.72 50.71 OK
r-devel-linux-x86_64-fedora-clang 2.4 79.38 OK
r-devel-linux-x86_64-fedora-gcc 2.4 75.81 OK
r-devel-windows-ix86+x86_64 2.4 16.00 96.00 112.00 OK
r-patched-linux-x86_64 2.4 4.63 57.27 61.90 OK
r-patched-solaris-x86 2.4 118.30 OK
r-release-linux-x86_64 2.4 4.71 57.26 61.97 OK
r-release-windows-ix86+x86_64 2.4 10.00 99.00 109.00 OK
r-release-osx-x86_64 2.4 ERROR
r-oldrel-windows-ix86+x86_64 2.4 8.00 86.00 94.00 OK
r-oldrel-osx-x86_64 2.4 OK

Check Details

Version: 2.4
Check: package dependencies
Result: ERROR
    Package required but not available: ‘Rgraphviz’
    
    See section ‘The DESCRIPTION file’ in the ‘Writing R Extensions’
    manual.
Flavor: r-release-osx-x86_64