Last updated on 2022-08-14 01:49:15 CEST.
Flavor | Version | Tinstall | Tcheck | Ttotal | Status | Flags |
---|---|---|---|---|---|---|
r-devel-linux-x86_64-debian-clang | 1.0.1 | 46.10 | 36.22 | 82.32 | OK | |
r-devel-linux-x86_64-debian-gcc | 1.0.1 | 33.02 | 28.86 | 61.88 | OK | |
r-devel-linux-x86_64-fedora-clang | 1.0.1 | 125.80 | OK | |||
r-devel-linux-x86_64-fedora-gcc | 1.0.1 | 110.91 | OK | |||
r-devel-windows-x86_64 | 1.0.1 | 40.00 | 77.00 | 117.00 | OK | |
r-patched-linux-x86_64 | 1.0.1 | 39.52 | 35.96 | 75.48 | OK | |
r-release-linux-x86_64 | 1.0.1 | 37.67 | 37.43 | 75.10 | OK | |
r-release-macos-arm64 | 1.0.1 | 33.00 | NOTE | |||
r-release-macos-x86_64 | 1.0.1 | 42.00 | NOTE | |||
r-release-windows-x86_64 | 1.0.1 | 45.00 | 81.00 | 126.00 | OK | |
r-oldrel-macos-arm64 | 1.0.1 | 35.00 | NOTE | |||
r-oldrel-macos-x86_64 | 1.0.1 | 41.00 | NOTE | |||
r-oldrel-windows-ix86+x86_64 | 1.0.1 | 104.00 | 91.00 | 195.00 | OK |
Version: 1.0.1
Check: installed package size
Result: NOTE
installed size is 5.9Mb
sub-directories of 1Mb or more:
libs 5.7Mb
Flavors: r-release-macos-arm64, r-release-macos-x86_64, r-oldrel-macos-arm64, r-oldrel-macos-x86_64