Last updated on 2021-02-28 00:48:47 CET.
Flavor | Version | Tinstall | Tcheck | Ttotal | Status | Flags |
---|---|---|---|---|---|---|
r-devel-linux-x86_64-debian-clang | 0.8 | 463.73 | 128.24 | 591.97 | OK | |
r-devel-linux-x86_64-debian-gcc | 0.8 | 400.59 | 114.80 | 515.39 | OK | |
r-devel-linux-x86_64-fedora-clang | 0.8 | 827.02 | NOTE | |||
r-devel-linux-x86_64-fedora-gcc | 0.8 | 884.54 | NOTE | |||
r-devel-windows-ix86+x86_64 | 0.8 | 728.00 | 339.00 | 1067.00 | NOTE | |
r-patched-linux-x86_64 | 0.8 | 342.76 | 144.15 | 486.91 | OK | |
r-patched-solaris-x86 | 0.8 | 748.00 | OK | |||
r-release-linux-x86_64 | 0.8 | 345.28 | 145.06 | 490.34 | OK | |
r-release-macos-x86_64 | 0.8 | NOTE | ||||
r-release-windows-ix86+x86_64 | 0.8 | 1030.00 | 445.00 | 1475.00 | NOTE | |
r-oldrel-macos-x86_64 | 0.8 | NOTE | ||||
r-oldrel-windows-ix86+x86_64 | 0.8 | 717.00 | 382.00 | 1099.00 | NOTE |
Version: 0.8
Check: installed package size
Result: NOTE
installed size is 76.5Mb
sub-directories of 1Mb or more:
libs 75.9Mb
Flavors: r-devel-linux-x86_64-fedora-clang, r-devel-windows-ix86+x86_64, r-release-macos-x86_64, r-release-windows-ix86+x86_64, r-oldrel-macos-x86_64, r-oldrel-windows-ix86+x86_64
Version: 0.8
Check: for GNU extensions in Makefiles
Result: NOTE
GNU make is a SystemRequirements.
Flavors: r-devel-linux-x86_64-fedora-clang, r-devel-linux-x86_64-fedora-gcc, r-release-macos-x86_64, r-oldrel-macos-x86_64