Last updated on 2023-04-01 05:50:42 CEST.
Flavor | Version | Tinstall | Tcheck | Ttotal | Status | Flags |
---|---|---|---|---|---|---|
r-devel-linux-x86_64-debian-clang | 4.1.0 | 4.67 | 63.22 | 67.89 | OK | |
r-devel-linux-x86_64-debian-gcc | 4.1.0 | 3.57 | 48.52 | 52.09 | OK | |
r-devel-linux-x86_64-fedora-clang | 4.1.0 | 85.39 | OK | |||
r-devel-linux-x86_64-fedora-gcc | 4.1.0 | 94.09 | OK | |||
r-devel-windows-x86_64 | 4.1.0 | 51.00 | 0.00 | 51.00 | OK | |
r-patched-linux-x86_64 | 4.1.0 | 3.89 | 61.21 | 65.10 | OK | |
r-release-linux-x86_64 | 4.1.0 | 2.68 | 63.65 | 66.33 | OK | |
r-release-macos-arm64 | 4.1.0 | 33.00 | OK | |||
r-release-macos-x86_64 | 4.1.0 | 67.00 | OK | |||
r-release-windows-x86_64 | 4.1.0 | 14.00 | 118.00 | 132.00 | OK | |
r-oldrel-macos-arm64 | 4.1.0 | 32.00 | OK | |||
r-oldrel-macos-x86_64 | 4.1.0 | 40.00 | OK | |||
r-oldrel-windows-ix86+x86_64 | 4.1.0 | 10.00 | 114.00 | 124.00 | WARN |
Version: 4.1.0
Check: dependencies in R code
Result: NOTE
Initiating curl with CURL_SSL_BACKEND: openssl
Flavor: r-oldrel-windows-ix86+x86_64
Version: 4.1.0
Check: for unstated dependencies in ‘tests’
Result: WARN
Warning: unable to access index for repository https://bioconductor.org/packages/3.14/bioc/src/contrib:
cannot open URL 'https://bioconductor.org/packages/3.14/bioc/src/contrib/PACKAGES'
Warning: unable to access index for repository https://bioconductor.org/packages/3.14/data/annotation/src/contrib:
cannot open URL 'https://bioconductor.org/packages/3.14/data/annotation/src/contrib/PACKAGES'
Warning: unable to access index for repository https://bioconductor.org/packages/3.14/data/experiment/src/contrib:
cannot open URL 'https://bioconductor.org/packages/3.14/data/experiment/src/contrib/PACKAGES'
Flavor: r-oldrel-windows-ix86+x86_64