CRAN Package Check Results for Package httpuv

Last updated on 2019-08-25 19:48:11 CEST.

Flavor Version Tinstall Tcheck Ttotal Status Flags
r-devel-linux-x86_64-debian-clang 1.5.1 216.46 32.17 248.63 NOTE
r-devel-linux-x86_64-debian-gcc 1.5.1 166.26 26.01 192.27 NOTE
r-devel-linux-x86_64-fedora-clang 1.5.1 395.45 NOTE
r-devel-linux-x86_64-fedora-gcc 1.5.1 366.10 NOTE
r-devel-windows-ix86+x86_64 1.5.1 637.00 76.00 713.00 NOTE
r-patched-linux-x86_64 1.5.1 192.50 32.18 224.68 NOTE
r-patched-solaris-x86 1.5.1 321.20 NOTE
r-release-linux-x86_64 1.5.1 186.59 32.21 218.80 NOTE
r-release-windows-ix86+x86_64 1.5.1 673.00 105.00 778.00 NOTE
r-release-osx-x86_64 1.5.1 NOTE
r-oldrel-windows-ix86+x86_64 1.5.1 696.00 94.00 790.00 NOTE
r-oldrel-osx-x86_64 1.5.1 NOTE

Check Details

Version: 1.5.1
Check: for GNU extensions in Makefiles
Result: NOTE
    GNU make is a SystemRequirements.
Flavors: r-devel-linux-x86_64-debian-clang, r-devel-linux-x86_64-debian-gcc, r-devel-linux-x86_64-fedora-clang, r-devel-linux-x86_64-fedora-gcc, r-devel-windows-ix86+x86_64, r-patched-linux-x86_64, r-patched-solaris-x86, r-release-linux-x86_64, r-release-windows-ix86+x86_64, r-release-osx-x86_64, r-oldrel-windows-ix86+x86_64, r-oldrel-osx-x86_64

Version: 1.5.1
Check: installed package size
Result: NOTE
     installed size is 9.4Mb
     sub-directories of 1Mb or more:
     libs 9.0Mb
Flavors: r-devel-linux-x86_64-fedora-clang, r-release-osx-x86_64, r-oldrel-osx-x86_64