CRAN Package Check Results for Package httpuv

Last updated on 2020-01-21 12:47:20 CET.

Flavor Version Tinstall Tcheck Ttotal Status Flags
r-devel-linux-x86_64-debian-clang 1.5.2 261.68 35.22 296.90 ERROR
r-devel-linux-x86_64-debian-gcc 1.5.2 173.03 27.85 200.88 NOTE
r-devel-linux-x86_64-fedora-clang 1.5.2 413.27 NOTE
r-devel-linux-x86_64-fedora-gcc 1.5.2 380.60 NOTE
r-devel-windows-ix86+x86_64 1.5.2 661.00 82.00 743.00 NOTE
r-devel-windows-ix86+x86_64-gcc8 1.5.2 522.00 130.00 652.00 NOTE
r-patched-linux-x86_64 1.5.2 195.62 33.04 228.66 NOTE
r-patched-solaris-x86 1.5.2 374.30 NOTE
r-release-linux-x86_64 1.5.2 196.30 32.64 228.94 NOTE
r-release-windows-ix86+x86_64 1.5.2 476.00 111.00 587.00 NOTE
r-release-osx-x86_64 1.5.2 NOTE
r-oldrel-windows-ix86+x86_64 1.5.2 466.00 78.00 544.00 NOTE
r-oldrel-osx-x86_64 1.5.2 NOTE

Check Details

Version: 1.5.2
Check: for GNU extensions in Makefiles
Result: NOTE
    GNU make is a SystemRequirements.
Flavors: r-devel-linux-x86_64-debian-clang, r-devel-linux-x86_64-debian-gcc, r-devel-linux-x86_64-fedora-clang, r-devel-linux-x86_64-fedora-gcc, r-devel-windows-ix86+x86_64, r-devel-windows-ix86+x86_64-gcc8, r-patched-linux-x86_64, r-patched-solaris-x86, r-release-linux-x86_64, r-release-windows-ix86+x86_64, r-release-osx-x86_64, r-oldrel-windows-ix86+x86_64, r-oldrel-osx-x86_64

Version: 1.5.2
Check: tests
Result: ERROR
     Running 'testthat.R' [6s/7s]
    Running the tests in 'tests/testthat.R' failed.
    Complete output:
     > library(testthat)
     > library(httpuv)
     >
     > test_check("httpuv")
     -- 1. Failure: Paths with non-ASCII characters (@test-static-paths.R#796) -----
     r$status_code not identical to 200L.
     1/1 mismatches
     [1] 404 - 200 == 204
    
     -- 2. Failure: Paths with non-ASCII characters (@test-static-paths.R#797) -----
     r$content not identical to `file_content`.
     Lengths (14, 13) differ (comparison on first 13 components)
     13 element mismatches
    
     -- 3. Failure: Paths with non-ASCII characters (@test-static-paths.R#801) -----
     r$status_code not identical to 200L.
     1/1 mismatches
     [1] 404 - 200 == 204
    
     -- 4. Failure: Paths with non-ASCII characters (@test-static-paths.R#802) -----
     r$content not identical to `file_content`.
     Lengths (14, 13) differ (comparison on first 13 components)
     13 element mismatches
    
     == testthat results ===========================================================
     [ OK: 204 | SKIPPED: 8 | WARNINGS: 0 | FAILED: 4 ]
     1. Failure: Paths with non-ASCII characters (@test-static-paths.R#796)
     2. Failure: Paths with non-ASCII characters (@test-static-paths.R#797)
     3. Failure: Paths with non-ASCII characters (@test-static-paths.R#801)
     4. Failure: Paths with non-ASCII characters (@test-static-paths.R#802)
    
     Error: testthat unit tests failed
     Execution halted
Flavor: r-devel-linux-x86_64-debian-clang

Version: 1.5.2
Check: installed package size
Result: NOTE
     installed size is 9.4Mb
     sub-directories of 1Mb or more:
     libs 9.0Mb
Flavors: r-devel-linux-x86_64-fedora-clang, r-release-osx-x86_64, r-oldrel-osx-x86_64