Last updated on 2022-08-12 03:53:28 CEST.
Flavor | Version | Tinstall | Tcheck | Ttotal | Status | Flags |
---|---|---|---|---|---|---|
r-devel-linux-x86_64-debian-clang | 3.0.1 | 63.79 | 46.50 | 110.29 | OK | |
r-devel-linux-x86_64-debian-gcc | 3.0.1 | 49.45 | 41.56 | 91.01 | OK | |
r-devel-linux-x86_64-fedora-clang | 3.0.1 | 184.01 | NOTE | |||
r-devel-linux-x86_64-fedora-gcc | 3.0.1 | 163.75 | OK | |||
r-devel-windows-x86_64 | 3.0.1 | 69.00 | 115.00 | 184.00 | OK | |
r-patched-linux-x86_64 | 3.0.1 | 56.38 | 52.76 | 109.14 | OK | |
r-release-linux-x86_64 | 3.0.1 | 55.54 | 53.04 | 108.58 | OK | |
r-release-macos-arm64 | 3.0.1 | 57.00 | NOTE | |||
r-release-macos-x86_64 | 3.0.1 | 72.00 | NOTE | |||
r-release-windows-x86_64 | 3.0.1 | 65.00 | 119.00 | 184.00 | OK | |
r-oldrel-macos-arm64 | 3.0.1 | 66.00 | NOTE | |||
r-oldrel-macos-x86_64 | 3.0.1 | 110.00 | NOTE | |||
r-oldrel-windows-ix86+x86_64 | 3.0.1 | 157.00 | 137.00 | 294.00 | NOTE |
Version: 3.0.1
Check: installed package size
Result: NOTE
installed size is 6.5Mb
sub-directories of 1Mb or more:
dict 1.5Mb
doc 1.2Mb
libs 3.7Mb
Flavors: r-devel-linux-x86_64-fedora-clang, r-release-macos-arm64, r-release-macos-x86_64, r-oldrel-macos-arm64, r-oldrel-macos-x86_64, r-oldrel-windows-ix86+x86_64
Version: 3.0.1
Check: package dependencies
Result: NOTE
Package suggested but not available for checking: ‘pdftools’
Flavor: r-release-macos-x86_64