CRAN Package Check Results for Package hwep

Last updated on 2022-01-26 00:49:53 CET.

Flavor Version Tinstall Tcheck Ttotal Status Flags
r-devel-linux-x86_64-debian-clang 0.0.1 4.97 68.75 73.72 OK
r-devel-linux-x86_64-debian-gcc 0.0.1 4.47 52.47 56.94 OK
r-devel-linux-x86_64-fedora-clang 0.0.1 90.24 NOTE
r-devel-linux-x86_64-fedora-gcc 0.0.1 78.31 NOTE
r-devel-windows-x86_64-new-UL 0.0.1 39.00 112.00 151.00 OK
r-devel-windows-x86_64-new-TK 0.0.1 NOTE
r-patched-linux-x86_64 0.0.1 7.03 65.62 72.65 OK
r-release-linux-x86_64 0.0.1 5.61 65.36 70.97 OK
r-release-macos-arm64 0.0.1 NOTE
r-release-macos-x86_64 0.0.1 NOTE
r-release-windows-ix86+x86_64 0.0.1 11.00 110.00 121.00 OK
r-oldrel-macos-x86_64 0.0.1 NOTE
r-oldrel-windows-ix86+x86_64 0.0.1 12.00 111.00 123.00 OK

Check Details

Version: 0.0.1
Check: dependencies in R code
Result: NOTE
    Namespace in Imports field not imported from: ‘future’
     All declared Imports should be used.
Flavors: r-devel-linux-x86_64-fedora-clang, r-devel-linux-x86_64-fedora-gcc, r-devel-windows-x86_64-new-TK, r-release-macos-arm64, r-release-macos-x86_64, r-oldrel-macos-x86_64